{"id":1026,"date":"2012-12-01T23:53:44","date_gmt":"2012-12-01T21:53:44","guid":{"rendered":"http:\/\/www.rifai.org\/sufism\/?page_id=1026"},"modified":"2012-12-01T23:53:57","modified_gmt":"2012-12-01T21:53:57","slug":"der-derwisch-murid","status":"publish","type":"page","link":"https:\/\/www.rifai.org\/sufism\/deutsch\/die-reise-des-sufi\/der-derwisch-murid\/","title":{"rendered":"Der Derwisch (Murid)"},"content":{"rendered":"<p>Die Person, die den Pfad des Sufismus (Tasawwuf) geht und ein Murid (Student) in einer Tariqah sein m\u00f6chte, wird Taleeb (Suchender) genannt. Er oder sie beginnt nun, einen Murshid (spiritueller Lehrer) zu suchen.<\/p>\n<p>Wenn der Suchende den Murshid nach dem er\/sie gesucht hat gefunden hat, legt er\/sie einen Biath (Schwur der Bindung) mit dem Murshid ab. Dieser Schwur der Bindung basiert auf dem freien Willen und der Wahl von Murid und Murshid. In dieser Beziehung der Bindung haben sowohl Murshid als auch Murid ihre eigenen Pflichten und Verantwortung.<\/p>\n<p>Wenn ein Suchender nach einem Biath mit dem Murshid fragt, nimmt dieser ihn\/sie nicht sofort als Murid auf. Zun\u00e4chst testet er den Suchenden nach Bem\u00fchen, F\u00e4higkeiten und Qualit\u00e4ten. Sobald der Suchenende erfolgreich dieser Pr\u00fcfung unterzogen wurde, wird er zum Murid und beginnt seine Pflichten nach bestem Gewissen auszuf\u00fchren.<\/p>\n","protected":false},"excerpt":{"rendered":"<p>Die Person, die den Pfad des Sufismus (Tasawwuf) geht und ein Murid (Student) in einer Tariqah sein m\u00f6chte, wird Taleeb [&hellip;]<\/p>\n","protected":false},"author":1,"featured_media":0,"parent":637,"menu_order":4,"comment_status":"open","ping_status":"open","template":"","meta":{"_monsterinsights_skip_tracking":false,"_monsterinsights_sitenote_active":false,"_monsterinsights_sitenote_note":"","_monsterinsights_sitenote_category":0,"footnotes":""},"class_list":["post-1026","page","type-page","status-publish","hentry"],"_links":{"self":[{"href":"https:\/\/www.rifai.org\/sufism\/wp-json\/wp\/v2\/pages\/1026","targetHints":{"allow":["GET"]}}],"collection":[{"href":"https:\/\/www.rifai.org\/sufism\/wp-json\/wp\/v2\/pages"}],"about":[{"href":"https:\/\/www.rifai.org\/sufism\/wp-json\/wp\/v2\/types\/page"}],"author":[{"embeddable":true,"href":"https:\/\/www.rifai.org\/sufism\/wp-json\/wp\/v2\/users\/1"}],"replies":[{"embeddable":true,"href":"https:\/\/www.rifai.org\/sufism\/wp-json\/wp\/v2\/comments?post=1026"}],"version-history":[{"count":2,"href":"https:\/\/www.rifai.org\/sufism\/wp-json\/wp\/v2\/pages\/1026\/revisions"}],"predecessor-version":[{"id":1028,"href":"https:\/\/www.rifai.org\/sufism\/wp-json\/wp\/v2\/pages\/1026\/revisions\/1028"}],"up":[{"embeddable":true,"href":"https:\/\/www.rifai.org\/sufism\/wp-json\/wp\/v2\/pages\/637"}],"wp:attachment":[{"href":"https:\/\/www.rifai.org\/sufism\/wp-json\/wp\/v2\/media?parent=1026"}],"curies":[{"name":"wp","href":"https:\/\/api.w.org\/{rel}","templated":true}]}}