{"id":1048,"date":"2012-12-29T15:55:49","date_gmt":"2012-12-29T13:55:49","guid":{"rendered":"http:\/\/www.rifai.org\/sufism\/?page_id=1048"},"modified":"2013-02-17T14:33:23","modified_gmt":"2013-02-17T12:33:23","slug":"yolculugun-butunlugu","status":"publish","type":"page","link":"https:\/\/www.rifai.org\/sufism\/turkce\/sufinin-yolculugu\/yolculugun-butunlugu\/","title":{"rendered":"Yolculu\u011fun B\u00fct\u00fcnl\u00fc\u011f\u00fc"},"content":{"rendered":"<p>Tasavvuf, iki \u00f6nemli y\u00f6nde tamamlanma yolculu\u011fudur: \u00d6ncelikle Olgun \u0130nsan\u2019dan (\u0130nsan-\u0131 Kamil) gelen ve yine O\u2019na do\u011fru ilerleyen bir yolculuktur. \u0130kincil olarak, bir insan\u0131n d\u00f6n\u00fc\u015f\u00fcm\u00fc i\u00e7in olabilecek her t\u00fcrl\u00fc etkili imkan\u0131 kullanan tamamlanm\u0131\u015f bir metoddur. B\u00f6ylelikle amac\u0131na ula\u015fmak i\u00e7in deneyimin bir\u00e7ok kanal\u0131 arac\u0131l\u0131\u011f\u0131 ile etkisini artt\u0131rabilir. Bu olgular\u0131n her ikisi de \u2013 metodun tamamlanm\u0131\u015fl\u0131\u011f\u0131 ve sonucun b\u00fct\u00fcnl\u00fc\u011f\u00fc- en \u00f6nemlisidir.<\/p>\n<p>\u0130nsan\u0131n, arac\u0131l\u0131klar\u0131 sayesinde d\u00f6n\u00fc\u015fece\u011fi vas\u0131talar, bizim insan\u0131n ne oldu\u011funa ve ne i\u00e7in tasarlanm\u0131\u015f oldu\u011funa dair anlay\u0131\u015f\u0131m\u0131za g\u00f6re de\u011fi\u015fir. Tasavvuf yolunun b\u00fct\u00fcnl\u00fc\u011f\u00fc, insan do\u011fas\u0131n\u0131 kavray\u0131\u015f\u0131n\u0131n b\u00fct\u00fcnl\u00fc\u011f\u00fcnden ileri gelir.<\/p>\n","protected":false},"excerpt":{"rendered":"<p>Tasavvuf, iki \u00f6nemli y\u00f6nde tamamlanma yolculu\u011fudur: \u00d6ncelikle Olgun \u0130nsan\u2019dan (\u0130nsan-\u0131 Kamil) gelen ve yine O\u2019na do\u011fru ilerleyen bir yolculuktur. \u0130kincil [&hellip;]<\/p>\n","protected":false},"author":1,"featured_media":0,"parent":1036,"menu_order":5,"comment_status":"open","ping_status":"open","template":"","meta":{"_monsterinsights_skip_tracking":false,"_monsterinsights_sitenote_active":false,"_monsterinsights_sitenote_note":"","_monsterinsights_sitenote_category":0,"footnotes":""},"class_list":["post-1048","page","type-page","status-publish","hentry"],"_links":{"self":[{"href":"https:\/\/www.rifai.org\/sufism\/wp-json\/wp\/v2\/pages\/1048","targetHints":{"allow":["GET"]}}],"collection":[{"href":"https:\/\/www.rifai.org\/sufism\/wp-json\/wp\/v2\/pages"}],"about":[{"href":"https:\/\/www.rifai.org\/sufism\/wp-json\/wp\/v2\/types\/page"}],"author":[{"embeddable":true,"href":"https:\/\/www.rifai.org\/sufism\/wp-json\/wp\/v2\/users\/1"}],"replies":[{"embeddable":true,"href":"https:\/\/www.rifai.org\/sufism\/wp-json\/wp\/v2\/comments?post=1048"}],"version-history":[{"count":3,"href":"https:\/\/www.rifai.org\/sufism\/wp-json\/wp\/v2\/pages\/1048\/revisions"}],"predecessor-version":[{"id":1277,"href":"https:\/\/www.rifai.org\/sufism\/wp-json\/wp\/v2\/pages\/1048\/revisions\/1277"}],"up":[{"embeddable":true,"href":"https:\/\/www.rifai.org\/sufism\/wp-json\/wp\/v2\/pages\/1036"}],"wp:attachment":[{"href":"https:\/\/www.rifai.org\/sufism\/wp-json\/wp\/v2\/media?parent=1048"}],"curies":[{"name":"wp","href":"https:\/\/api.w.org\/{rel}","templated":true}]}}