{"id":1064,"date":"2012-12-29T16:08:05","date_gmt":"2012-12-29T14:08:05","guid":{"rendered":"http:\/\/www.rifai.org\/sufism\/?page_id=1064"},"modified":"2013-02-17T16:18:43","modified_gmt":"2013-02-17T14:18:43","slug":"hayati-ve-ogretileri","status":"publish","type":"page","link":"https:\/\/www.rifai.org\/sufism\/turkce\/hazret-sayyid-ahmed-er-rifai-ks\/hayati-ve-ogretileri\/","title":{"rendered":"Hayat\u0131 ve \u00d6\u011fretileri"},"content":{"rendered":"<p>Hazret \u015eeyh Seyyid Ahmed er-Rifai (1119-1182) hicri takvimin Recep ay\u0131n\u0131n ilk yar\u0131s\u0131nda Irak\u2019\u0131n Vas\u0131t b\u00f6lgesinde bulunan Hasen\u2019de do\u011fdu.<\/p>\n","protected":false},"excerpt":{"rendered":"<p>Hazret \u015eeyh Seyyid Ahmed er-Rifai (1119-1182) hicri takvimin Recep ay\u0131n\u0131n ilk yar\u0131s\u0131nda Irak\u2019\u0131n Vas\u0131t b\u00f6lgesinde bulunan Hasen\u2019de do\u011fdu.<\/p>\n","protected":false},"author":1,"featured_media":0,"parent":1060,"menu_order":2,"comment_status":"open","ping_status":"open","template":"","meta":{"_monsterinsights_skip_tracking":false,"_monsterinsights_sitenote_active":false,"_monsterinsights_sitenote_note":"","_monsterinsights_sitenote_category":0,"footnotes":""},"class_list":["post-1064","page","type-page","status-publish","hentry"],"_links":{"self":[{"href":"https:\/\/www.rifai.org\/sufism\/wp-json\/wp\/v2\/pages\/1064","targetHints":{"allow":["GET"]}}],"collection":[{"href":"https:\/\/www.rifai.org\/sufism\/wp-json\/wp\/v2\/pages"}],"about":[{"href":"https:\/\/www.rifai.org\/sufism\/wp-json\/wp\/v2\/types\/page"}],"author":[{"embeddable":true,"href":"https:\/\/www.rifai.org\/sufism\/wp-json\/wp\/v2\/users\/1"}],"replies":[{"embeddable":true,"href":"https:\/\/www.rifai.org\/sufism\/wp-json\/wp\/v2\/comments?post=1064"}],"version-history":[{"count":3,"href":"https:\/\/www.rifai.org\/sufism\/wp-json\/wp\/v2\/pages\/1064\/revisions"}],"predecessor-version":[{"id":1299,"href":"https:\/\/www.rifai.org\/sufism\/wp-json\/wp\/v2\/pages\/1064\/revisions\/1299"}],"up":[{"embeddable":true,"href":"https:\/\/www.rifai.org\/sufism\/wp-json\/wp\/v2\/pages\/1060"}],"wp:attachment":[{"href":"https:\/\/www.rifai.org\/sufism\/wp-json\/wp\/v2\/media?parent=1064"}],"curies":[{"name":"wp","href":"https:\/\/api.w.org\/{rel}","templated":true}]}}