{"id":1287,"date":"2013-02-17T15:25:29","date_gmt":"2013-02-17T13:25:29","guid":{"rendered":"http:\/\/www.rifai.org\/sufism\/?page_id=1287"},"modified":"2013-02-17T15:25:29","modified_gmt":"2013-02-17T13:25:29","slug":"nefsin-mertebeleri-genel-bakis","status":"publish","type":"page","link":"https:\/\/www.rifai.org\/sufism\/turkce\/varolma-sanati\/nefsin-mertebeleri\/nefsin-mertebeleri-genel-bakis\/","title":{"rendered":"Nefsin Mertebeleri &#8211; Genel Bak\u0131\u015f"},"content":{"rendered":"<p>Tasavvuf geleneksel olarak nefsin (yanl\u0131\u015f benlik) evrimini yedi mertebe ile \u00e7er\u00e7eveler. Bu yedi mertebe bir e\u011fitim sisteminde bulunan ve olgun bir insan olarak mezunn olabilmek i\u00e7in ge\u00e7ilmesi gereken s\u0131n\u0131flar gibidirler.<\/p>\n<p>Bir aray\u0131\u015f\u00e7\u0131 kendi hallerinin fark\u0131nda olmal\u0131d\u0131r ki talip oldu\u011fu bir sonraki mertebeye tutunabilsin. \u0130\u00e7sel hallerinin ve eylemlerinin bilincinde ve kendisini eylem halinde seyrederken a\u015f\u0131r\u0131 derecede samimi olmal\u0131d\u0131r. Ayn\u0131 zamanda her mertebenin, \u00f6zellikle de i\u00e7inde bulundu\u011fu tahmin edilen mertebenin ve bir sonraki olmay\u0131 umut etti\u011fi mertebenin \u00f6zelliklerini bilmesi gereklidir.<\/p>\n<p>Her insan\u0131n i\u00e7inde m\u00fckemmeliyet i\u00e7in b\u00fct\u00fcn bir potensiyel oldu\u011fu ger\u00e7e\u011fi ile ilgili \u015f\u00fcpheye yer yoktur \u00e7\u00fcnk\u00fc y\u00fcce Allah kendi ilahi s\u0131rlar\u0131n\u0131 insan\u0131 bilinmeyen alemlerden getirerek, kendisinin esmalar\u0131n\u0131 g\u00f6stermesi i\u00e7in\u00a0 insan\u0131n \u00f6z\u00fcne yerle\u015ftirmi\u015ftir. Fakat bizler i\u00e7imizde bulunan m\u00fckemmeliyeti d\u00fcnya ile \u00f6rt\u00fcl\u00fc et eve kemi\u011fe b\u00fcr\u00fcnmeden once unuttuk. Fiziksel varolu\u015fumuz ve onun i\u00e7inde ya\u015fad\u0131\u011f\u0131 d\u00fcnyaya olan ba\u011f\u0131ml\u0131l\u0131\u011f\u0131, i\u00e7imizde sakl\u0131 bulunan g\u00fczellik ve bilgeli\u011fi \u00f6rter ve karanl\u0131k i\u00e7inde b\u0131rak\u0131r.<\/p>\n<p>Allah, kutsal kitaplar\u0131nda talimatlar vermi\u015f ve bizlere cehaletten tekrar fark\u0131ndal\u0131\u011fa do\u011fru rehberlik edecek ve talimatlar\u0131 \u00f6\u011fretecek peygamberler ve evliyalar g\u00f6ndermi\u015ftir.\u00a0 \u0130\u00e7imizden uyanabilenler ve i\u00e7imizde neyin kutsal oldu\u011funu tekrar ke\u015ffedebilenler ve m\u00fckemmeliyet olan asl\u0131m\u0131za ve Yarat\u0131c\u0131\u2019m\u0131za yakla\u015fmay\u0131 dileyenler, \u015fu s\u00f6z\u00fc alm\u0131\u015flard\u0131r: \u201cE\u011fer biz Allah\u2019a bir ad\u0131m atarsak, O bizimle bulu\u015fmak i\u00e7in ko\u015facakt\u0131r.\u201d<\/p>\n","protected":false},"excerpt":{"rendered":"<p>Tasavvuf geleneksel olarak nefsin (yanl\u0131\u015f benlik) evrimini yedi mertebe ile \u00e7er\u00e7eveler. Bu yedi mertebe bir e\u011fitim sisteminde bulunan ve olgun [&hellip;]<\/p>\n","protected":false},"author":1,"featured_media":0,"parent":1058,"menu_order":1,"comment_status":"open","ping_status":"open","template":"","meta":{"_monsterinsights_skip_tracking":false,"_monsterinsights_sitenote_active":false,"_monsterinsights_sitenote_note":"","_monsterinsights_sitenote_category":0,"footnotes":""},"class_list":["post-1287","page","type-page","status-publish","hentry"],"_links":{"self":[{"href":"https:\/\/www.rifai.org\/sufism\/wp-json\/wp\/v2\/pages\/1287","targetHints":{"allow":["GET"]}}],"collection":[{"href":"https:\/\/www.rifai.org\/sufism\/wp-json\/wp\/v2\/pages"}],"about":[{"href":"https:\/\/www.rifai.org\/sufism\/wp-json\/wp\/v2\/types\/page"}],"author":[{"embeddable":true,"href":"https:\/\/www.rifai.org\/sufism\/wp-json\/wp\/v2\/users\/1"}],"replies":[{"embeddable":true,"href":"https:\/\/www.rifai.org\/sufism\/wp-json\/wp\/v2\/comments?post=1287"}],"version-history":[{"count":1,"href":"https:\/\/www.rifai.org\/sufism\/wp-json\/wp\/v2\/pages\/1287\/revisions"}],"predecessor-version":[{"id":1288,"href":"https:\/\/www.rifai.org\/sufism\/wp-json\/wp\/v2\/pages\/1287\/revisions\/1288"}],"up":[{"embeddable":true,"href":"https:\/\/www.rifai.org\/sufism\/wp-json\/wp\/v2\/pages\/1058"}],"wp:attachment":[{"href":"https:\/\/www.rifai.org\/sufism\/wp-json\/wp\/v2\/media?parent=1287"}],"curies":[{"name":"wp","href":"https:\/\/api.w.org\/{rel}","templated":true}]}}