{"id":1314,"date":"2013-02-23T00:50:40","date_gmt":"2013-02-22T22:50:40","guid":{"rendered":"http:\/\/www.rifai.org\/sufism\/?page_id=1314"},"modified":"2013-02-23T00:50:40","modified_gmt":"2013-02-22T22:50:40","slug":"evvel-benem-ahir-benem-canlara-can-olan-benem","status":"publish","type":"page","link":"https:\/\/www.rifai.org\/sufism\/turkce\/hazretler\/hazreti-yunus-emre\/evvel-benem-ahir-benem-canlara-can-olan-benem\/","title":{"rendered":"Evvel benem \u00e2h\u0131r benem canlara can olan benem"},"content":{"rendered":"<p>Evvel benem \u00e2h\u0131r benem canlara can olan benem<br \/>\nAzup yolda kalm\u0131\u015flara h\u00e2z\u0131r meded iren benem<\/p>\n<p>Bir kar\u00e2ra dutdum kar\u00e2r s\u0131rn\u0131m\u0131 ben\u00fcm kim tuyar<br \/>\nG\u00f6zs\u00fcz beni ka\u00e7an g\u00f6r\u00fcr g\u00f6n\u00fclde gizlenen benem<\/p>\n<p>K\u00fcn deminde katre uran bir nazarda d\u00fcnya turan<br \/>\nKudretinden hon d\u00f6\u015fey\u00fcp \u0131\u015fk nevbetin uran benem<\/p>\n<p>D\u00fcz d\u00f6\u015fed\u00fcm bu yerleri \u00e7\u00f6ks\u00fc urdum bu ta\u011flar\u0131<br \/>\nSayvan eyled\u00fcm g\u00f6kleri gir\u00fc dutup duran benem<\/p>\n<p>Dah\u0131 aceb \u00e2\u015f\u0131klan \u0131kr\u00e2r u din \u00eem\u00e2n oldum<br \/>\nHalkun g\u00f6nlinde k\u00fcfrile isl\u00e2m\u0131la \u00eeman benem<\/p>\n<p>Halk i\u00e7inde dirlik d\u00fczen d\u00f6rt kitab\u0131 to\u011fru yazan<br \/>\nBu \u00fcstine kara dizen ol yaz\u0131lan Kur&#8217;an benem<\/p>\n<p>Dost\u0131la birli\u011fe biten buyru\u011f\u0131 neyise dutan<br \/>\nM\u00fclk bezey\u00fcp d\u00fcny\u00e2 d\u00fczen ol ba\u011f\u00e7avan heman benem<\/p>\n<p>Hamza&#8217;y\u0131 Kaf&#8217;dan a\u015furan elin aya\u011f\u0131n \u015fe\u015f\u00fcren<br \/>\nSimurg-\u0131 Kaf ard\u0131nda\u011f\u0131 oy a\u011f\u0131lu \u0131lan benem<\/p>\n<p>Y\u00fbnus de\u011f\u00fcl bun\u0131 diyen kend\u00fcli\u011fidir s\u00f6yleyen<br \/>\nK\u00e2fir olur inanmayan evvel \u00e2h\u0131r heman benem<\/p>\n<p>Evvel benem \u00e2h\u0131r benem canlara can olan benem<br \/>\nAzup yolda kalm\u0131\u015flara h\u00e2z\u0131r meded iren benem<\/p>\n<p>Bir kar\u00e2ra dutdum kar\u00e2r s\u0131rn\u0131m\u0131 ben\u00fcm kim tuyar<br \/>\nG\u00f6zs\u00fcz beni ka\u00e7an g\u00f6r\u00fcr g\u00f6n\u00fclde gizlenen benem<\/p>\n<p>K\u00fcn deminde katre uran bir nazarda d\u00fcnya turan<br \/>\nKudretinden hon d\u00f6\u015fey\u00fcp \u0131\u015fk nevbetin uran benem<\/p>\n<p>D\u00fcz d\u00f6\u015fed\u00fcm bu yerleri \u00e7\u00f6ks\u00fc urdum bu ta\u011flar\u0131<br \/>\nSayvan eyled\u00fcm g\u00f6kleri gir\u00fc dutup duran benem<\/p>\n<p>Dah\u0131 aceb \u00e2\u015f\u0131klan \u0131kr\u00e2r u din \u00eem\u00e2n oldum<br \/>\nHalkun g\u00f6nlinde k\u00fcfrile isl\u00e2m\u0131la \u00eeman benem<\/p>\n<p>Halk i\u00e7inde dirlik d\u00fczen d\u00f6rt kitab\u0131 to\u011fru yazan<br \/>\nBu \u00fcstine kara dizen ol yaz\u0131lan Kur&#8217;an benem<\/p>\n<p>Dost\u0131la birli\u011fe biten buyru\u011f\u0131 neyise dutan<br \/>\nM\u00fclk bezey\u00fcp d\u00fcny\u00e2 d\u00fczen ol ba\u011f\u00e7avan heman benem<\/p>\n<p>Hamza&#8217;y\u0131 Kaf&#8217;dan a\u015furan elin aya\u011f\u0131n \u015fe\u015f\u00fcren<br \/>\nSimurg-\u0131 Kaf ard\u0131nda\u011f\u0131 oy a\u011f\u0131lu \u0131lan benem<\/p>\n<p>Y\u00fbnus de\u011f\u00fcl bun\u0131 diyen kend\u00fcli\u011fidir s\u00f6yleyen<br \/>\nK\u00e2fir olur inanmayan evvel \u00e2h\u0131r heman benem<\/p>\n","protected":false},"excerpt":{"rendered":"<p>Evvel benem \u00e2h\u0131r benem canlara can olan benem Azup yolda kalm\u0131\u015flara h\u00e2z\u0131r meded iren benem Bir kar\u00e2ra dutdum kar\u00e2r s\u0131rn\u0131m\u0131 [&hellip;]<\/p>\n","protected":false},"author":1,"featured_media":0,"parent":1306,"menu_order":3,"comment_status":"open","ping_status":"open","template":"page-yunusemre-poem.php","meta":{"_monsterinsights_skip_tracking":false,"_monsterinsights_sitenote_active":false,"_monsterinsights_sitenote_note":"","_monsterinsights_sitenote_category":0,"footnotes":""},"class_list":["post-1314","page","type-page","status-publish","hentry"],"_links":{"self":[{"href":"https:\/\/www.rifai.org\/sufism\/wp-json\/wp\/v2\/pages\/1314","targetHints":{"allow":["GET"]}}],"collection":[{"href":"https:\/\/www.rifai.org\/sufism\/wp-json\/wp\/v2\/pages"}],"about":[{"href":"https:\/\/www.rifai.org\/sufism\/wp-json\/wp\/v2\/types\/page"}],"author":[{"embeddable":true,"href":"https:\/\/www.rifai.org\/sufism\/wp-json\/wp\/v2\/users\/1"}],"replies":[{"embeddable":true,"href":"https:\/\/www.rifai.org\/sufism\/wp-json\/wp\/v2\/comments?post=1314"}],"version-history":[{"count":2,"href":"https:\/\/www.rifai.org\/sufism\/wp-json\/wp\/v2\/pages\/1314\/revisions"}],"predecessor-version":[{"id":1316,"href":"https:\/\/www.rifai.org\/sufism\/wp-json\/wp\/v2\/pages\/1314\/revisions\/1316"}],"up":[{"embeddable":true,"href":"https:\/\/www.rifai.org\/sufism\/wp-json\/wp\/v2\/pages\/1306"}],"wp:attachment":[{"href":"https:\/\/www.rifai.org\/sufism\/wp-json\/wp\/v2\/media?parent=1314"}],"curies":[{"name":"wp","href":"https:\/\/api.w.org\/{rel}","templated":true}]}}

Evvel benem âhır benem canlara can olan benem

<p>Evvel benem âhır benem canlara can olan benem<br />
Azup yolda kalmışlara hâzır meded iren benem</p>
<p>Bir karâra dutdum karâr sırnımı benüm kim tuyar<br />
Gözsüz beni kaçan görür gönülde gizlenen benem</p>
<p>Kün deminde katre uran bir nazarda dünya turan<br />
Kudretinden hon döşeyüp ışk nevbetin uran benem</p>
<p>Düz döşedüm bu yerleri çöksü urdum bu tağları<br />
Sayvan eyledüm gökleri girü dutup duran benem</p>
<p>Dahı aceb âşıklan ıkrâr u din îmân oldum<br />
Halkun gönlinde küfrile islâmıla îman benem</p>
<p>Halk içinde dirlik düzen dört kitabı toğru yazan<br />
Bu üstine kara dizen ol yazılan Kur&#8217;an benem</p>
<p>Dostıla birliğe biten buyruğı neyise dutan<br />
Mülk bezeyüp dünyâ düzen ol bağçavan heman benem</p>
<p>Hamza&#8217;yı Kaf&#8217;dan aşuran elin ayağın şeşüren<br />
Simurg-ı Kaf ardındağı oy ağılu ılan benem</p>
<p>Yûnus değül bunı diyen kendüliğidir söyleyen<br />
Kâfir olur inanmayan evvel âhır heman benem</p>
<p>Evvel benem âhır benem canlara can olan benem<br />
Azup yolda kalmışlara hâzır meded iren benem</p>
<p>Bir karâra dutdum karâr sırnımı benüm kim tuyar<br />
Gözsüz beni kaçan görür gönülde gizlenen benem</p>
<p>Kün deminde katre uran bir nazarda dünya turan<br />
Kudretinden hon döşeyüp ışk nevbetin uran benem</p>
<p>Düz döşedüm bu yerleri çöksü urdum bu tağları<br />
Sayvan eyledüm gökleri girü dutup duran benem</p>
<p>Dahı aceb âşıklan ıkrâr u din îmân oldum<br />
Halkun gönlinde küfrile islâmıla îman benem</p>
<p>Halk içinde dirlik düzen dört kitabı toğru yazan<br />
Bu üstine kara dizen ol yazılan Kur&#8217;an benem</p>
<p>Dostıla birliğe biten buyruğı neyise dutan<br />
Mülk bezeyüp dünyâ düzen ol bağçavan heman benem</p>
<p>Hamza&#8217;yı Kaf&#8217;dan aşuran elin ayağın şeşüren<br />
Simurg-ı Kaf ardındağı oy ağılu ılan benem</p>
<p>Yûnus değül bunı diyen kendüliğidir söyleyen<br />
Kâfir olur inanmayan evvel âhır heman benem</p>

<p>Evvel benem âhır benem canlara can olan benem Azup yolda kalmışlara hâzır meded iren benem Bir karâra dutdum karâr sırnımı [&hellip;]</p>
