{"id":1317,"date":"2013-04-01T23:29:34","date_gmt":"2013-04-01T21:29:34","guid":{"rendered":"http:\/\/www.rifai.org\/sufism\/?page_id=1317"},"modified":"2023-06-30T14:55:12","modified_gmt":"2023-06-30T11:55:12","slug":"bedeviyye","status":"publish","type":"page","link":"https:\/\/www.rifai.org\/sufism\/turkce\/tarikatler\/bedeviyye\/","title":{"rendered":"Bedev\u00eeyye"},"content":{"rendered":"<p><strong>Hz. Pir Seyyid Ahmed el-Bedev\u00ee<\/strong><\/p>\n<p><b>Do\u011fumu ve \u00e7ocuklu\u011fu <\/b><\/p>\n<p>Seyyid Ahmed el-Bedev\u00ee Hazretlerinin nesebi, baba taraf\u0131ndan 9. \u0130mam Muhammed ibn Ali\u2019ye, dolay\u0131s\u0131yla Hz. Peygamberimize (sav) dayanmaktad\u0131r.<\/p>\n<p>Hz. Seyyid Ahmed el-Bedevi\u2019nin atalar\u0131, Arabistan\u2019da vuku bulan kar\u0131\u015f\u0131kl\u0131klardan, Mekke\u2019de halifeli\u011fini il\u00e2n eden Emevi hanedan\u0131ndan Abdullah b. Z\u00fcbeyr\u2019in, Ehl-i Beyt\u2019e g\u00f6sterdi\u011fi d\u00fc\u015fmanl\u0131ktan ve \u00f6zellikle \u201cZalim Hacc\u00e2c\u201d diye bilinen Hacc\u00e2c b. Yusuf\u2019un Hz. Ali\u2019nin (ra) soyundan gelenlere uygulad\u0131\u011f\u0131 zul\u00fcmden dolay\u0131 hicret ederek Fas\u2019a gitmi\u015f ve burada yerle\u015fmi\u015ftir.<\/p>\n<p>(H.596) 1200 senesinde Fas\u2019ta do\u011fan Seyyid Ahmed el-Bedev\u00ee Hazretlerinin \u00e7ocuklu\u011fu, bu b\u00f6lgede ge\u00e7mi\u015ftir. Ahmed el-Bedev\u00ee Hazretleri alt\u0131 ya\u015flar\u0131nda iken babas\u0131 Seyyid Ali\u2019ye r\u00fcy\u00e2s\u0131nda; &#8220;Y\u00e2 Ali! Bu beldeleri b\u0131rak, Mekke&#8217;ye git, orada ya\u015fa. Bunda bir\u00e7ok hikmetler vard\u0131r&#8221; denmi\u015f, bu m\u00e2nev\u00ee i\u015f\u00e2ret \u00fczerine, t\u00fcm aile 1206 senesinde Fas&#8217;tan Mekke\u2019ye gitmek \u00fczere yola \u00e7\u0131km\u0131\u015flard\u0131r. D\u00f6rt sene s\u00fcren uzun yolculuk s\u0131ras\u0131nda, pek \u00e7ok ki\u015fiden yard\u0131m, h\u00fcrmet ve ikr\u00e2m g\u00f6rm\u00fc\u015flerdir. Mekke&#8217;ye yerle\u015ftikten bir s\u00fcre sonra, Seyyid Ahmed el-Bedev\u00ee Hazretlerinin babas\u0131 vefat etmi\u015f ve Bab-\u0131 Mualla&#8217;ya defnedilmi\u015ftir.<\/p>\n<p>Seyyid Ahmed el-Bedev\u00ee Hazretleri k\u00fc\u00e7\u00fck ya\u015fta ilim tahs\u00eeline ba\u015flam\u0131\u015f, Kur&#8217;\u00e2n-\u0131 Ker\u00eem\u2019i h\u0131fzetmi\u015ftir. Bu ya\u015flardayken \u00e7ok cesur, at\u0131lgan bir m\u00eez\u00e2ca sahip oldu\u011fu ve \u00e7ok iyi ata bindi\u011fi bilinmektedir.<\/p>\n","protected":false},"excerpt":{"rendered":"<p>Hz. Pir Seyyid Ahmed el-Bedev\u00ee Do\u011fumu ve \u00e7ocuklu\u011fu Seyyid Ahmed el-Bedev\u00ee Hazretlerinin nesebi, baba taraf\u0131ndan 9. \u0130mam Muhammed ibn Ali\u2019ye, [&hellip;]<\/p>\n","protected":false},"author":1,"featured_media":0,"parent":1370,"menu_order":3,"comment_status":"open","ping_status":"open","template":"page-bedevi.php","meta":{"_monsterinsights_skip_tracking":false,"_monsterinsights_sitenote_active":false,"_monsterinsights_sitenote_note":"","_monsterinsights_sitenote_category":0,"footnotes":""},"class_list":["post-1317","page","type-page","status-publish","hentry"],"_links":{"self":[{"href":"https:\/\/www.rifai.org\/sufism\/wp-json\/wp\/v2\/pages\/1317","targetHints":{"allow":["GET"]}}],"collection":[{"href":"https:\/\/www.rifai.org\/sufism\/wp-json\/wp\/v2\/pages"}],"about":[{"href":"https:\/\/www.rifai.org\/sufism\/wp-json\/wp\/v2\/types\/page"}],"author":[{"embeddable":true,"href":"https:\/\/www.rifai.org\/sufism\/wp-json\/wp\/v2\/users\/1"}],"replies":[{"embeddable":true,"href":"https:\/\/www.rifai.org\/sufism\/wp-json\/wp\/v2\/comments?post=1317"}],"version-history":[{"count":8,"href":"https:\/\/www.rifai.org\/sufism\/wp-json\/wp\/v2\/pages\/1317\/revisions"}],"predecessor-version":[{"id":2195,"href":"https:\/\/www.rifai.org\/sufism\/wp-json\/wp\/v2\/pages\/1317\/revisions\/2195"}],"up":[{"embeddable":true,"href":"https:\/\/www.rifai.org\/sufism\/wp-json\/wp\/v2\/pages\/1370"}],"wp:attachment":[{"href":"https:\/\/www.rifai.org\/sufism\/wp-json\/wp\/v2\/media?parent=1317"}],"curies":[{"name":"wp","href":"https:\/\/api.w.org\/{rel}","templated":true}]}}

Bedevîyye

<p><strong>Hz. Pir Seyyid Ahmed el-Bedevî</strong></p>
<p><b>Doğumu ve çocukluğu </b></p>
<p>Seyyid Ahmed el-Bedevî Hazretlerinin nesebi, baba tarafından 9. İmam Muhammed ibn Ali’ye, dolayısıyla Hz. Peygamberimize (sav) dayanmaktadır.</p>
<p>Hz. Seyyid Ahmed el-Bedevi’nin ataları, Arabistan’da vuku bulan karışıklıklardan, Mekke’de halifeliğini ilân eden Emevi hanedanından Abdullah b. Zübeyr’in, Ehl-i Beyt’e gösterdiği düşmanlıktan ve özellikle “Zalim Haccâc” diye bilinen Haccâc b. Yusuf’un Hz. Ali’nin (ra) soyundan gelenlere uyguladığı zulümden dolayı hicret ederek Fas’a gitmiş ve burada yerleşmiştir.</p>
<p>(H.596) 1200 senesinde Fas’ta doğan Seyyid Ahmed el-Bedevî Hazretlerinin çocukluğu, bu bölgede geçmiştir. Ahmed el-Bedevî Hazretleri altı yaşlarında iken babası Seyyid Ali’ye rüyâsında; &#8220;Yâ Ali! Bu beldeleri bırak, Mekke&#8217;ye git, orada yaşa. Bunda birçok hikmetler vardır&#8221; denmiş, bu mânevî işâret üzerine, tüm aile 1206 senesinde Fas&#8217;tan Mekke’ye gitmek üzere yola çıkmışlardır. Dört sene süren uzun yolculuk sırasında, pek çok kişiden yardım, hürmet ve ikrâm görmüşlerdir. Mekke&#8217;ye yerleştikten bir süre sonra, Seyyid Ahmed el-Bedevî Hazretlerinin babası vefat etmiş ve Bab-ı Mualla&#8217;ya defnedilmiştir.</p>
<p>Seyyid Ahmed el-Bedevî Hazretleri küçük yaşta ilim tahsîline başlamış, Kur&#8217;ân-ı Kerîm’i hıfzetmiştir. Bu yaşlardayken çok cesur, atılgan bir mîzâca sahip olduğu ve çok iyi ata bindiği bilinmektedir.</p>

<p>Hz. Pir Seyyid Ahmed el-Bedevî Doğumu ve çocukluğu Seyyid Ahmed el-Bedevî Hazretlerinin nesebi, baba tarafından 9. İmam Muhammed ibn Ali’ye, [&hellip;]</p>
