{"id":1324,"date":"2013-04-01T23:37:09","date_gmt":"2013-04-01T21:37:09","guid":{"rendered":"http:\/\/www.rifai.org\/sufism\/?page_id=1324"},"modified":"2013-04-01T23:37:09","modified_gmt":"2013-04-01T21:37:09","slug":"bedeviyye-tarikati","status":"publish","type":"page","link":"https:\/\/www.rifai.org\/sufism\/turkce\/tarikatler\/bedeviyye\/bedeviyye-tarikati\/","title":{"rendered":"Bedeviyye Tarikati"},"content":{"rendered":"<p>Bedeviyye Tarikati, (H.596) 1200 senesinde Fas \u015fehrinde do\u011fup, (H.675) 1276 senesinde M\u0131s\u0131r&#8217;\u0131n Tanta \u015fehrinde vefat eden Hz. Pir Seyyid Ahmed el-Bedevi (ks) taraf\u0131ndan kurulmu\u015ftur. Ahmediyye olarak da bilinen Bedeviyye tarikati, Seyyid Ahmed el-Bedevi (k.s)\u2018nin m\u00fcr\u015fidlerinden \u015eeyh el-Berri (k.s) ve ) ve Eb\u00fc Nuaym el-\u0130sfahan\u00ee (k.s)\u2019nin silsilelerinin Hz. Pir Seyyid Ahmed er-Rifa\u00ee (k.s)\u2019den gelmesi sebebiyle, baz\u0131 kaynaklarda Rifaiyye\u2019nin bir kolu olarak ele al\u0131nm\u0131\u015ft\u0131r.<\/p>\n<p>Bedeviyye Tarikatinin ve Seyyid Ahmed el-Bedevi\u2019nin, Kuzey Afrika ve \u00f6zellikle M\u0131s\u0131r\u2019\u0131n din\u00ee-tasavvuf hayat\u0131nda derin izleri oldu\u011fu gibi, tasavvuf tarihi i\u00e7inde de \u00f6nemli bir yeri vard\u0131r. Tasavvuf ehli, onu Abd\u00fclkadir-i Geylan\u00ee (k.s), Ahmed er-Rifa\u00ee (k.s) ve \u0130brahim ed-Dussuki (k.s) ile birlikte \u201cak-tab-\u0131 erbaa\u201ddan, \u2018D\u00f6rt Kutub\u2019dan biri olarak kabul eder. Ahmed el-Bedev\u00ee (k.s), M\u0131s\u0131r halk\u0131 taraf\u0131ndan ayn\u0131 zamanda b\u00fcy\u00fck bir kahraman ve kurtar\u0131c\u0131 olarak tan\u0131nm\u0131\u015f, h\u0131ristiyanlar\u0131n elinden m\u00fcsl\u00fcmanlar\u0131 kurtard\u0131\u011f\u0131na inan\u0131ld\u0131\u011f\u0131 i\u00e7in \u201cm\u00fcc\u00eeb\u00fc\u2019l-\u00fcsara min biladi\u2019n-nas\u00e2r\u00e2\u201d lakab\u0131 ile an\u0131lm\u0131\u015ft\u0131r. Bedeviyye tarikat\u0131 mensuplar\u0131n\u0131n Ha\u00e7l\u0131lar\u2019a kar\u015f\u0131 verdikleri \u00e7etin m\u00fccadele de, tarihi kaynaklarda yerini alm\u0131\u015ft\u0131r.<\/p>\n","protected":false},"excerpt":{"rendered":"<p>Bedeviyye Tarikati, (H.596) 1200 senesinde Fas \u015fehrinde do\u011fup, (H.675) 1276 senesinde M\u0131s\u0131r&#8217;\u0131n Tanta \u015fehrinde vefat eden Hz. Pir Seyyid Ahmed [&hellip;]<\/p>\n","protected":false},"author":1,"featured_media":0,"parent":1317,"menu_order":2,"comment_status":"open","ping_status":"open","template":"page-bedevi.php","meta":{"_monsterinsights_skip_tracking":false,"_monsterinsights_sitenote_active":false,"_monsterinsights_sitenote_note":"","_monsterinsights_sitenote_category":0,"footnotes":""},"class_list":["post-1324","page","type-page","status-publish","hentry"],"_links":{"self":[{"href":"https:\/\/www.rifai.org\/sufism\/wp-json\/wp\/v2\/pages\/1324","targetHints":{"allow":["GET"]}}],"collection":[{"href":"https:\/\/www.rifai.org\/sufism\/wp-json\/wp\/v2\/pages"}],"about":[{"href":"https:\/\/www.rifai.org\/sufism\/wp-json\/wp\/v2\/types\/page"}],"author":[{"embeddable":true,"href":"https:\/\/www.rifai.org\/sufism\/wp-json\/wp\/v2\/users\/1"}],"replies":[{"embeddable":true,"href":"https:\/\/www.rifai.org\/sufism\/wp-json\/wp\/v2\/comments?post=1324"}],"version-history":[{"count":1,"href":"https:\/\/www.rifai.org\/sufism\/wp-json\/wp\/v2\/pages\/1324\/revisions"}],"predecessor-version":[{"id":1325,"href":"https:\/\/www.rifai.org\/sufism\/wp-json\/wp\/v2\/pages\/1324\/revisions\/1325"}],"up":[{"embeddable":true,"href":"https:\/\/www.rifai.org\/sufism\/wp-json\/wp\/v2\/pages\/1317"}],"wp:attachment":[{"href":"https:\/\/www.rifai.org\/sufism\/wp-json\/wp\/v2\/media?parent=1324"}],"curies":[{"name":"wp","href":"https:\/\/api.w.org\/{rel}","templated":true}]}}