{"id":1355,"date":"2013-04-20T14:33:57","date_gmt":"2013-04-20T12:33:57","guid":{"rendered":"http:\/\/www.rifai.org\/sufism\/?page_id=1355"},"modified":"2013-04-20T14:33:57","modified_gmt":"2013-04-20T12:33:57","slug":"askin-aldi-benden-beni","status":"publish","type":"page","link":"https:\/\/www.rifai.org\/sufism\/turkce\/hazretler\/hazreti-yunus-emre\/askin-aldi-benden-beni\/","title":{"rendered":"A\u015fk\u0131n ald\u0131 benden beni"},"content":{"rendered":"<p>A\u015fk\u0131n ald\u0131 benden beni<br \/>\nBana seni gerek seni<br \/>\nBen yanar\u0131m d\u00fcn \u00fc g\u00fcn\u00fc<br \/>\nBana seni gerek seni<\/p>\n<p>Ne varl\u0131\u011fa sevinirim<br \/>\nNe yoklu\u011fa yerinirim<br \/>\nA\u015fk\u0131n ile avunurum<br \/>\nBana seni gerek seni<\/p>\n<p>A\u015fk\u0131n \u00e2\u015f\u0131klar \u00f6ld\u00fcr\u00fcr<br \/>\nA\u015fk denizine dald\u0131r\u0131r<br \/>\nTecell\u00ee ile doldurur<br \/>\nBana seni gerek seni<\/p>\n<p>A\u015fk\u0131n \u015far\u00e2b\u0131ndan i\u00e7em<br \/>\nMecn\u00fbn olup da\u011fa d\u00fc\u015fem<br \/>\nSensin d\u00fcn \u00fc g\u00fcn end\u00ee\u015fem<br \/>\nBana seni gerek seni<\/p>\n<p>Sufilere sohbet gerek<br \/>\nAh\u00eelere ahret gerek<br \/>\nMecnunlara Leyl\u00e2 gerek<br \/>\nBana seni gerek seni<\/p>\n<p>E\u011fer beni \u00f6ld\u00fcreler<br \/>\nK\u00fcl\u00fcm g\u00f6\u011fe savuralar<br \/>\nTopra\u011f\u0131m orda \u00e7a\u011f\u0131ra<br \/>\nBana seni gerek seni<\/p>\n<p>Y\u00fbnus&#8217;durur benim ad\u0131m<br \/>\nG\u00fcn ge\u00e7tik\u00e7e artar odum<br \/>\n\u0130ki cihanda maks\u00fbdum<br \/>\nBana seni gerek seni<\/p>\n","protected":false},"excerpt":{"rendered":"<p>A\u015fk\u0131n ald\u0131 benden beni Bana seni gerek seni Ben yanar\u0131m d\u00fcn \u00fc g\u00fcn\u00fc Bana seni gerek seni Ne varl\u0131\u011fa sevinirim [&hellip;]<\/p>\n","protected":false},"author":1,"featured_media":0,"parent":1306,"menu_order":5,"comment_status":"open","ping_status":"open","template":"page-yunusemre-poem.php","meta":{"_monsterinsights_skip_tracking":false,"_monsterinsights_sitenote_active":false,"_monsterinsights_sitenote_note":"","_monsterinsights_sitenote_category":0,"footnotes":""},"class_list":["post-1355","page","type-page","status-publish","hentry"],"_links":{"self":[{"href":"https:\/\/www.rifai.org\/sufism\/wp-json\/wp\/v2\/pages\/1355","targetHints":{"allow":["GET"]}}],"collection":[{"href":"https:\/\/www.rifai.org\/sufism\/wp-json\/wp\/v2\/pages"}],"about":[{"href":"https:\/\/www.rifai.org\/sufism\/wp-json\/wp\/v2\/types\/page"}],"author":[{"embeddable":true,"href":"https:\/\/www.rifai.org\/sufism\/wp-json\/wp\/v2\/users\/1"}],"replies":[{"embeddable":true,"href":"https:\/\/www.rifai.org\/sufism\/wp-json\/wp\/v2\/comments?post=1355"}],"version-history":[{"count":1,"href":"https:\/\/www.rifai.org\/sufism\/wp-json\/wp\/v2\/pages\/1355\/revisions"}],"predecessor-version":[{"id":1356,"href":"https:\/\/www.rifai.org\/sufism\/wp-json\/wp\/v2\/pages\/1355\/revisions\/1356"}],"up":[{"embeddable":true,"href":"https:\/\/www.rifai.org\/sufism\/wp-json\/wp\/v2\/pages\/1306"}],"wp:attachment":[{"href":"https:\/\/www.rifai.org\/sufism\/wp-json\/wp\/v2\/media?parent=1355"}],"curies":[{"name":"wp","href":"https:\/\/api.w.org\/{rel}","templated":true}]}}