{"id":1361,"date":"2013-04-20T15:18:03","date_gmt":"2013-04-20T13:18:03","guid":{"rendered":"http:\/\/www.rifai.org\/sufism\/?page_id=1361"},"modified":"2013-04-20T15:18:03","modified_gmt":"2013-04-20T13:18:03","slug":"hic-bilmezem-kezek-kimun","status":"publish","type":"page","link":"https:\/\/www.rifai.org\/sufism\/turkce\/hazretler\/hazreti-yunus-emre\/hic-bilmezem-kezek-kimun\/","title":{"rendered":"Hi\u00e7 bilmezem kezek kim\u00fcn"},"content":{"rendered":"<p>Hi\u00e7 bilmezem kezek kim\u00fcn<br \/>\nAramuzda gezer \u00f6l\u00fcm<br \/>\nHalk\u0131 bostan idinmi\u015fd\u00fcr<br \/>\nDiled\u00fc\u011fin \u00fczer \u00f6l\u00fcm<\/p>\n<p>Bir nicen\u00fcn bilin b\u00fcker<br \/>\nBir nicen\u00fcn m\u00fclkin y\u0131kar<br \/>\nBir nicen\u00fcn ya\u015f\u0131n d\u00f6ker<br \/>\nVar g\u00fccini \u00fczer \u00f6l\u00fcm<\/p>\n<p>Birinin alun karda\u015f\u0131n<br \/>\nRevan d\u00f6ker g\u00f6zi ya\u015f\u0131n<br \/>\nHi\u00e7 onarmaz ba\u011f\u0131n ba\u015f\u0131n<br \/>\nHabers\u00fczin gel\u00fcr \u00f6l\u00fcm<\/p>\n<p>Yi\u011fidi koca ol\u0131nca<br \/>\nKomaz kend\u00fcyi bilince<br \/>\nBirini koyup g\u00fclince<br \/>\nG\u00f6zlerini s\u00fczer \u00f6l\u00fcm<\/p>\n<p>Kan\u0131 anun sevd\u00fck<br \/>\nYan k\u0131l t\u00e2atun, an y\u00fcri<br \/>\nMiskin Y\u00fbnus neye dun\u0131r<br \/>\nEjderh\u00e2lar yudar \u00f6l\u00fcm<\/p>\n","protected":false},"excerpt":{"rendered":"<p>Hi\u00e7 bilmezem kezek kim\u00fcn Aramuzda gezer \u00f6l\u00fcm Halk\u0131 bostan idinmi\u015fd\u00fcr Diled\u00fc\u011fin \u00fczer \u00f6l\u00fcm Bir nicen\u00fcn bilin b\u00fcker Bir nicen\u00fcn m\u00fclkin [&hellip;]<\/p>\n","protected":false},"author":1,"featured_media":0,"parent":1306,"menu_order":7,"comment_status":"open","ping_status":"open","template":"page-yunusemre-poem.php","meta":{"_monsterinsights_skip_tracking":false,"_monsterinsights_sitenote_active":false,"_monsterinsights_sitenote_note":"","_monsterinsights_sitenote_category":0,"footnotes":""},"class_list":["post-1361","page","type-page","status-publish","hentry"],"_links":{"self":[{"href":"https:\/\/www.rifai.org\/sufism\/wp-json\/wp\/v2\/pages\/1361","targetHints":{"allow":["GET"]}}],"collection":[{"href":"https:\/\/www.rifai.org\/sufism\/wp-json\/wp\/v2\/pages"}],"about":[{"href":"https:\/\/www.rifai.org\/sufism\/wp-json\/wp\/v2\/types\/page"}],"author":[{"embeddable":true,"href":"https:\/\/www.rifai.org\/sufism\/wp-json\/wp\/v2\/users\/1"}],"replies":[{"embeddable":true,"href":"https:\/\/www.rifai.org\/sufism\/wp-json\/wp\/v2\/comments?post=1361"}],"version-history":[{"count":2,"href":"https:\/\/www.rifai.org\/sufism\/wp-json\/wp\/v2\/pages\/1361\/revisions"}],"predecessor-version":[{"id":1363,"href":"https:\/\/www.rifai.org\/sufism\/wp-json\/wp\/v2\/pages\/1361\/revisions\/1363"}],"up":[{"embeddable":true,"href":"https:\/\/www.rifai.org\/sufism\/wp-json\/wp\/v2\/pages\/1306"}],"wp:attachment":[{"href":"https:\/\/www.rifai.org\/sufism\/wp-json\/wp\/v2\/media?parent=1361"}],"curies":[{"name":"wp","href":"https:\/\/api.w.org\/{rel}","templated":true}]}}