{"id":1453,"date":"2013-05-14T12:18:30","date_gmt":"2013-05-14T10:18:30","guid":{"rendered":"http:\/\/www.rifai.org\/sufism\/?page_id=1453"},"modified":"2013-05-14T12:18:30","modified_gmt":"2013-05-14T10:18:30","slug":"eserleri","status":"publish","type":"page","link":"https:\/\/www.rifai.org\/sufism\/turkce\/tarikatler\/suhreverdiyye\/eserleri\/","title":{"rendered":"Eserleri"},"content":{"rendered":"<p>\u00d6mer es-S\u00fchreverd\u00ee Hazretleri, \u0130sl\u00e2m K\u00fclt\u00fcr\u00fcne, yeti\u015ftirdi\u011fi halifelerle oldu\u011fu gibi, kaleme ald\u0131\u011f\u0131 eserleriyle de geni\u015f \u00f6l\u00e7\u00fcde katk\u0131da bulunmu\u015ftur. Bu eserlerin en \u00f6nemli baz\u0131lar\u0131 \u015f\u00f6yle s\u0131ralanabilir:<\/p>\n<ol>\n<li>Av\u00e2rif\u00fc&#8217;l Ma&#8217;arif: Hz. S\u00fchreverd\u00ee&#8217;nin en tan\u0131nm\u0131\u015f eseridir. Tasavvuf yolunun ve ilminin inceliklerine dair paha bi\u00e7ilmez hikmetler i\u00e7ermektedir.<\/li>\n<li>Nu\u011fbet\u00fc&#8217;l-Beyan fi Tefsiri&#8217;I-Kur&#8217;an: Kur\u2019an-\u0131 Kerim tefsiridir.<\/li>\n<li>Re\u015ff\u00fc&#8217;n-Nasayihi&#8217;l-\u0130m\u00e2niyye ve Ke\u015ffu&#8217;i-Fed\u00e2yibi&#8217;l-Yunaniyye; Yunan felsefesine ve onu benimseyen \u0130sl\u00e2m felsefecilerine kar\u015f\u0131 yaz\u0131lm\u0131\u015f tenkid\u00ee ve tahlil\u00ee bir eserdir.<\/li>\n<li>Ir\u015fad\u00fc\u2019l-M\u00fcr\u00eedin ve Mecd\u00fc&#8217;t-T\u00e2lib\u00een: Tasavvuf ve adab\u0131yla ilgili bir eserdir.<\/li>\n<li>I&#8217;Iam\u00fc&#8217;l-H\u00fcda ve &#8216;Akdet\u00fc Erbab-i Ehli&#8217;t-T\u00fcka; Tasavvuf ve kel\u00e2ma dair\u2028 bir eserdir.<\/li>\n<li>er-Rahik\u00fc&#8217;l-Maht\u00fbm i Zevki&#8217;l Uk\u00fbli ve\u2019l F\u00fchum: \u0130lah\u00ee s\u0131rlara dair bir eserdir.<\/li>\n<li>Risalet\u00fc&#8217;s-Seyr ve&#8217;t-Tayr: Tecelli, seyr, tayr ve s\u00fci\u00fbka dair bir eserdir.<\/li>\n<li>Ves\u00e2y\u00e2: Hz. S\u00fchreverdi\u2019nin m\u00fcridlerine b\u0131rakt\u0131\u011f\u0131 tavsiyelerdir.<\/li>\n<li>Risatet\u00fc Cezbi&#8217;l-Kul\u00fbb il\u00e2 Muv\u00e2salati&#8217;l-Mahb\u00fbb: Tasavv\u00fbf\u00ee bir eserdir.<\/li>\n<li>Evrad\u00fc&#8217;s-S\u00fchreverdi: Hz. S\u00fchreverd\u00ee&#8217;nin tertip etti\u011fi virdleri ihtiva eden bir\u2028 derleme. 110 virdden olu\u015fur. Eser, Halifesi Zekeriya Multani taraf\u0131ndan Evrad-\u0131\u2028 \u015eeyhu&#8217;\u015f-\u015euy\u00fbb ad\u0131yla, Fars\u00e7a&#8217;ya terc\u00fcme edilmi\u015ftir.<\/li>\n<li>S\u00fcn\u00fbhu&#8217;l-F\u00fct\u00fbh bi Zikri&#8217;r-Rub: Ruh, nefs, isti\u011frak, v\u00fccud, havat\u0131r konular\u0131n\u0131 ihtiva eden bir eserdir. Bu eser Risale fis-S\u00fcl\u00fbk olarak da adland\u0131r\u0131l\u0131r.<\/li>\n<li>el-Esile ve&#8217;l-Ecvibe:\u00a0 Sorulan sorulara verilen cevaplardan olu\u015fur.<\/li>\n<li>F\u00fct\u00fcvvetname: Fars\u00e7ad\u0131r. F\u00fct\u00fcvvete dair bir eserdir.<\/li>\n<li>Risale fi Gurari&#8217;l-Hak ve \u0130stidracihim<\/li>\n<li>Makam\u00e2t\u00fc&#8217;l-Arifin<\/li>\n<li>Risaleti&#8217;l-Fakr<\/li>\n<\/ol>\n","protected":false},"excerpt":{"rendered":"<p>\u00d6mer es-S\u00fchreverd\u00ee Hazretleri, \u0130sl\u00e2m K\u00fclt\u00fcr\u00fcne, yeti\u015ftirdi\u011fi halifelerle oldu\u011fu gibi, kaleme ald\u0131\u011f\u0131 eserleriyle de geni\u015f \u00f6l\u00e7\u00fcde katk\u0131da bulunmu\u015ftur. Bu eserlerin en [&hellip;]<\/p>\n","protected":false},"author":1,"featured_media":0,"parent":1448,"menu_order":2,"comment_status":"open","ping_status":"open","template":"page-suhreverdi.php","meta":{"_monsterinsights_skip_tracking":false,"_monsterinsights_sitenote_active":false,"_monsterinsights_sitenote_note":"","_monsterinsights_sitenote_category":0,"footnotes":""},"class_list":["post-1453","page","type-page","status-publish","hentry"],"_links":{"self":[{"href":"https:\/\/www.rifai.org\/sufism\/wp-json\/wp\/v2\/pages\/1453","targetHints":{"allow":["GET"]}}],"collection":[{"href":"https:\/\/www.rifai.org\/sufism\/wp-json\/wp\/v2\/pages"}],"about":[{"href":"https:\/\/www.rifai.org\/sufism\/wp-json\/wp\/v2\/types\/page"}],"author":[{"embeddable":true,"href":"https:\/\/www.rifai.org\/sufism\/wp-json\/wp\/v2\/users\/1"}],"replies":[{"embeddable":true,"href":"https:\/\/www.rifai.org\/sufism\/wp-json\/wp\/v2\/comments?post=1453"}],"version-history":[{"count":1,"href":"https:\/\/www.rifai.org\/sufism\/wp-json\/wp\/v2\/pages\/1453\/revisions"}],"predecessor-version":[{"id":1454,"href":"https:\/\/www.rifai.org\/sufism\/wp-json\/wp\/v2\/pages\/1453\/revisions\/1454"}],"up":[{"embeddable":true,"href":"https:\/\/www.rifai.org\/sufism\/wp-json\/wp\/v2\/pages\/1448"}],"wp:attachment":[{"href":"https:\/\/www.rifai.org\/sufism\/wp-json\/wp\/v2\/media?parent=1453"}],"curies":[{"name":"wp","href":"https:\/\/api.w.org\/{rel}","templated":true}]}}