{"id":1489,"date":"2013-05-16T15:32:25","date_gmt":"2013-05-16T13:32:25","guid":{"rendered":"http:\/\/www.rifai.org\/sufism\/?page_id=1489"},"modified":"2013-05-16T15:34:18","modified_gmt":"2013-05-16T13:34:18","slug":"kubreviyye","status":"publish","type":"page","link":"https:\/\/www.rifai.org\/sufism\/turkce\/tarikatler\/kubreviyye\/","title":{"rendered":"K\u00fcbreviyye"},"content":{"rendered":"<p><b>Hz. Pir Necmedd\u00een K\u00fcbra<\/b><\/p>\n<p>K\u00fcbreviyye tar\u00eekat\u0131n\u0131n piri \u015eeyh Necmedd\u00een K\u00fcbr\u00e2 Hazretleri, tasavvuf tarihinin en b\u00fcy\u00fck velilerindendir. Tam ad\u0131 Ahmed b. \u00d6mer b. Muhammed b. Abdullah el-H\u00eevek\u00ee\u2019dir. 540\/1145 y\u0131l\u0131nda Harezm\/H\u00eeve\u2019de d\u00fcnyaya gelmi\u015f ve 618\/1221\u2019de do\u011fdu\u011fu topraklarda \u015feh\u00e2dete ermi\u015ftir.<\/p>\n","protected":false},"excerpt":{"rendered":"<p>Hz. Pir Necmedd\u00een K\u00fcbra K\u00fcbreviyye tar\u00eekat\u0131n\u0131n piri \u015eeyh Necmedd\u00een K\u00fcbr\u00e2 Hazretleri, tasavvuf tarihinin en b\u00fcy\u00fck velilerindendir. Tam ad\u0131 Ahmed b. [&hellip;]<\/p>\n","protected":false},"author":1,"featured_media":0,"parent":1370,"menu_order":9,"comment_status":"open","ping_status":"open","template":"page-kubreviyye.php","meta":{"_monsterinsights_skip_tracking":false,"_monsterinsights_sitenote_active":false,"_monsterinsights_sitenote_note":"","_monsterinsights_sitenote_category":0,"footnotes":""},"class_list":["post-1489","page","type-page","status-publish","hentry"],"_links":{"self":[{"href":"https:\/\/www.rifai.org\/sufism\/wp-json\/wp\/v2\/pages\/1489","targetHints":{"allow":["GET"]}}],"collection":[{"href":"https:\/\/www.rifai.org\/sufism\/wp-json\/wp\/v2\/pages"}],"about":[{"href":"https:\/\/www.rifai.org\/sufism\/wp-json\/wp\/v2\/types\/page"}],"author":[{"embeddable":true,"href":"https:\/\/www.rifai.org\/sufism\/wp-json\/wp\/v2\/users\/1"}],"replies":[{"embeddable":true,"href":"https:\/\/www.rifai.org\/sufism\/wp-json\/wp\/v2\/comments?post=1489"}],"version-history":[{"count":3,"href":"https:\/\/www.rifai.org\/sufism\/wp-json\/wp\/v2\/pages\/1489\/revisions"}],"predecessor-version":[{"id":1498,"href":"https:\/\/www.rifai.org\/sufism\/wp-json\/wp\/v2\/pages\/1489\/revisions\/1498"}],"up":[{"embeddable":true,"href":"https:\/\/www.rifai.org\/sufism\/wp-json\/wp\/v2\/pages\/1370"}],"wp:attachment":[{"href":"https:\/\/www.rifai.org\/sufism\/wp-json\/wp\/v2\/media?parent=1489"}],"curies":[{"name":"wp","href":"https:\/\/api.w.org\/{rel}","templated":true}]}}

Kübreviyye

<p><b>Hz. Pir Necmeddîn Kübra</b></p>
<p>Kübreviyye tarîkatının piri Şeyh Necmeddîn Kübrâ Hazretleri, tasavvuf tarihinin en büyük velilerindendir. Tam adı Ahmed b. Ömer b. Muhammed b. Abdullah el-Hîvekî’dir. 540/1145 yılında Harezm/Hîve’de dünyaya gelmiş ve 618/1221’de doğduğu topraklarda şehâdete ermiştir.</p>

<p>Hz. Pir Necmeddîn Kübra Kübreviyye tarîkatının piri Şeyh Necmeddîn Kübrâ Hazretleri, tasavvuf tarihinin en büyük velilerindendir. Tam adı Ahmed b. [&hellip;]</p>
