{"id":1535,"date":"2013-06-02T11:22:02","date_gmt":"2013-06-02T09:22:02","guid":{"rendered":"http:\/\/www.rifai.org\/sufism\/?page_id=1535"},"modified":"2013-06-02T11:22:02","modified_gmt":"2013-06-02T09:22:02","slug":"isidin-ey-yarenler","status":"publish","type":"page","link":"https:\/\/www.rifai.org\/sufism\/turkce\/hazretler\/hazreti-yunus-emre\/isidin-ey-yarenler\/","title":{"rendered":"\u0130\u015fidin ey y\u00e2renler"},"content":{"rendered":"<p>\u0130\u015fidin ey y\u00e2renler<br \/>\nA\u015fk bir g\u00fcne\u015fe benzer<br \/>\nA\u015fk\u0131 olmayan g\u00f6n\u00fcl<br \/>\nMis\u00e2l-i ta\u015fa benzer<\/p>\n<p>Ta\u015f g\u00f6n\u00fclde ne biter<br \/>\nDilinde a\u011fu t\u00fcter<br \/>\nNice yum\u015fak s\u00f6ylese<br \/>\nS\u00f6z\u00fc sava\u015fa benzer<\/p>\n<p>A\u015fk\u0131 var g\u00f6n\u00fcl yanar<br \/>\nYum\u015fanur muma d\u00f6ner<br \/>\nTa\u015f g\u00f6n\u00fcller kararm\u0131\u015f<br \/>\nSarp k\u0131\u015fa benzer<\/p>\n<p>Ol sult\u00e2n kap\u0131s\u0131nda<br \/>\nHazreti tapusunda<br \/>\nA\u015f\u0131klar\u0131n y\u0131ld\u0131z\u0131<br \/>\nHer dem \u00e7avu\u015fa benzer<\/p>\n<p>Ge\u00e7 Y\u00fbnus end\u00ee\u015feden<br \/>\nGerekse bu b\u00ee\u015feden<br \/>\nEre a\u015fk gerek \u00f6nden<br \/>\nOndan dervi\u015fe benzer<\/p>\n","protected":false},"excerpt":{"rendered":"<p>\u0130\u015fidin ey y\u00e2renler A\u015fk bir g\u00fcne\u015fe benzer A\u015fk\u0131 olmayan g\u00f6n\u00fcl Mis\u00e2l-i ta\u015fa benzer Ta\u015f g\u00f6n\u00fclde ne biter Dilinde a\u011fu t\u00fcter [&hellip;]<\/p>\n","protected":false},"author":1,"featured_media":0,"parent":1306,"menu_order":9,"comment_status":"open","ping_status":"open","template":"page-yunusemre-poem.php","meta":{"_monsterinsights_skip_tracking":false,"_monsterinsights_sitenote_active":false,"_monsterinsights_sitenote_note":"","_monsterinsights_sitenote_category":0,"footnotes":""},"class_list":["post-1535","page","type-page","status-publish","hentry"],"_links":{"self":[{"href":"https:\/\/www.rifai.org\/sufism\/wp-json\/wp\/v2\/pages\/1535","targetHints":{"allow":["GET"]}}],"collection":[{"href":"https:\/\/www.rifai.org\/sufism\/wp-json\/wp\/v2\/pages"}],"about":[{"href":"https:\/\/www.rifai.org\/sufism\/wp-json\/wp\/v2\/types\/page"}],"author":[{"embeddable":true,"href":"https:\/\/www.rifai.org\/sufism\/wp-json\/wp\/v2\/users\/1"}],"replies":[{"embeddable":true,"href":"https:\/\/www.rifai.org\/sufism\/wp-json\/wp\/v2\/comments?post=1535"}],"version-history":[{"count":1,"href":"https:\/\/www.rifai.org\/sufism\/wp-json\/wp\/v2\/pages\/1535\/revisions"}],"predecessor-version":[{"id":1536,"href":"https:\/\/www.rifai.org\/sufism\/wp-json\/wp\/v2\/pages\/1535\/revisions\/1536"}],"up":[{"embeddable":true,"href":"https:\/\/www.rifai.org\/sufism\/wp-json\/wp\/v2\/pages\/1306"}],"wp:attachment":[{"href":"https:\/\/www.rifai.org\/sufism\/wp-json\/wp\/v2\/media?parent=1535"}],"curies":[{"name":"wp","href":"https:\/\/api.w.org\/{rel}","templated":true}]}}