{"id":1553,"date":"2013-06-02T11:50:47","date_gmt":"2013-06-02T09:50:47","guid":{"rendered":"http:\/\/www.rifai.org\/sufism\/?page_id=1553"},"modified":"2013-06-02T11:50:47","modified_gmt":"2013-06-02T09:50:47","slug":"yar-yuregum-yar","status":"publish","type":"page","link":"https:\/\/www.rifai.org\/sufism\/turkce\/hazretler\/hazreti-yunus-emre\/yar-yuregum-yar\/","title":{"rendered":"Yar y\u00fcre\u011f\u00fcm yar"},"content":{"rendered":"<p>Yar y\u00fcre\u011f\u00fcm yar<br \/>\nG\u00f6r ki neler var<br \/>\nBu halk i\u00e7inde<br \/>\nBize g\u00fcler var<\/p>\n<p>Bu yol uzakdur<br \/>\nMenzili \u00e7okdur<br \/>\nGe\u00e7idi yokdur<br \/>\nDerin sular var<\/p>\n<p>Gird\u00fck bu yola<br \/>\nI\u015fk\u0131la bile<br \/>\nGurbetlik ile<br \/>\nBizi salar var<\/p>\n<p>Her kim merd\u00e2ne<br \/>\nGels\u00fcn meydana<br \/>\nKalmasun cana<br \/>\nKimde h\u00fcner var<\/p>\n<p>Yunus sen bunda<br \/>\nMeydan isteme<br \/>\nMeydan i\u00e7inde<br \/>\nMerd\u00e2neler var<\/p>\n","protected":false},"excerpt":{"rendered":"<p>Yar y\u00fcre\u011f\u00fcm yar G\u00f6r ki neler var Bu halk i\u00e7inde Bize g\u00fcler var Bu yol uzakdur Menzili \u00e7okdur Ge\u00e7idi yokdur [&hellip;]<\/p>\n","protected":false},"author":1,"featured_media":0,"parent":1306,"menu_order":17,"comment_status":"open","ping_status":"open","template":"page-yunusemre-poem.php","meta":{"_monsterinsights_skip_tracking":false,"_monsterinsights_sitenote_active":false,"_monsterinsights_sitenote_note":"","_monsterinsights_sitenote_category":0,"footnotes":""},"class_list":["post-1553","page","type-page","status-publish","hentry"],"_links":{"self":[{"href":"https:\/\/www.rifai.org\/sufism\/wp-json\/wp\/v2\/pages\/1553","targetHints":{"allow":["GET"]}}],"collection":[{"href":"https:\/\/www.rifai.org\/sufism\/wp-json\/wp\/v2\/pages"}],"about":[{"href":"https:\/\/www.rifai.org\/sufism\/wp-json\/wp\/v2\/types\/page"}],"author":[{"embeddable":true,"href":"https:\/\/www.rifai.org\/sufism\/wp-json\/wp\/v2\/users\/1"}],"replies":[{"embeddable":true,"href":"https:\/\/www.rifai.org\/sufism\/wp-json\/wp\/v2\/comments?post=1553"}],"version-history":[{"count":2,"href":"https:\/\/www.rifai.org\/sufism\/wp-json\/wp\/v2\/pages\/1553\/revisions"}],"predecessor-version":[{"id":1555,"href":"https:\/\/www.rifai.org\/sufism\/wp-json\/wp\/v2\/pages\/1553\/revisions\/1555"}],"up":[{"embeddable":true,"href":"https:\/\/www.rifai.org\/sufism\/wp-json\/wp\/v2\/pages\/1306"}],"wp:attachment":[{"href":"https:\/\/www.rifai.org\/sufism\/wp-json\/wp\/v2\/media?parent=1553"}],"curies":[{"name":"wp","href":"https:\/\/api.w.org\/{rel}","templated":true}]}}

Yar yüreğüm yar

<p>Yar yüreğüm yar<br />
Gör ki neler var<br />
Bu halk içinde<br />
Bize güler var</p>
<p>Bu yol uzakdur<br />
Menzili çokdur<br />
Geçidi yokdur<br />
Derin sular var</p>
<p>Girdük bu yola<br />
Işkıla bile<br />
Gurbetlik ile<br />
Bizi salar var</p>
<p>Her kim merdâne<br />
Gelsün meydana<br />
Kalmasun cana<br />
Kimde hüner var</p>
<p>Yunus sen bunda<br />
Meydan isteme<br />
Meydan içinde<br />
Merdâneler var</p>

<p>Yar yüreğüm yar Gör ki neler var Bu halk içinde Bize güler var Bu yol uzakdur Menzili çokdur Geçidi yokdur [&hellip;]</p>
