{"id":1556,"date":"2013-06-02T11:56:28","date_gmt":"2013-06-02T09:56:28","guid":{"rendered":"http:\/\/www.rifai.org\/sufism\/?page_id=1556"},"modified":"2013-06-02T11:56:28","modified_gmt":"2013-06-02T09:56:28","slug":"aceb-su-yerde-var-mola","status":"publish","type":"page","link":"https:\/\/www.rifai.org\/sufism\/turkce\/hazretler\/hazreti-yunus-emre\/aceb-su-yerde-var-mola\/","title":{"rendered":"Aceb \u015fu yerde var m&#8217;ola"},"content":{"rendered":"<p>Aceb \u015fu yerde var m&#8217;ola<br \/>\n\u015e\u00f6yle garib bencileyin<br \/>\nBa\u011fr\u0131 ba\u015fl\u0131 g\u00f6z\u00fc ya\u015fl\u0131<br \/>\n\u015e\u00f6yle garib bencileyin<\/p>\n<p>Kimseler garib olmas\u0131n<br \/>\nHasret oduna yanmas\u0131n<br \/>\nHocam kimseler olmas\u0131n<br \/>\n\u015e\u00f6yle garib bencileyin<\/p>\n<p>Bir garib \u00f6lm\u00fc\u015f diyeler<br \/>\n\u00dc\u00e7 g\u00fcnden sonra duyalar<br \/>\nSo\u011fuk su ile yuyalar<br \/>\n\u015e\u00f6yle garib bencileyin<\/p>\n<p>Hey Emrem Yunus bi\u00e7are<br \/>\nBulunmaz derdine \u00e7are<br \/>\nVar imdi gez \u015fardan \u015fara<br \/>\n\u015e\u00f6yle garib bencileyin<\/p>\n","protected":false},"excerpt":{"rendered":"<p>Aceb \u015fu yerde var m&#8217;ola \u015e\u00f6yle garib bencileyin Ba\u011fr\u0131 ba\u015fl\u0131 g\u00f6z\u00fc ya\u015fl\u0131 \u015e\u00f6yle garib bencileyin Kimseler garib olmas\u0131n Hasret oduna [&hellip;]<\/p>\n","protected":false},"author":1,"featured_media":0,"parent":1306,"menu_order":18,"comment_status":"open","ping_status":"open","template":"page-yunusemre-poem.php","meta":{"_monsterinsights_skip_tracking":false,"_monsterinsights_sitenote_active":false,"_monsterinsights_sitenote_note":"","_monsterinsights_sitenote_category":0,"footnotes":""},"class_list":["post-1556","page","type-page","status-publish","hentry"],"_links":{"self":[{"href":"https:\/\/www.rifai.org\/sufism\/wp-json\/wp\/v2\/pages\/1556","targetHints":{"allow":["GET"]}}],"collection":[{"href":"https:\/\/www.rifai.org\/sufism\/wp-json\/wp\/v2\/pages"}],"about":[{"href":"https:\/\/www.rifai.org\/sufism\/wp-json\/wp\/v2\/types\/page"}],"author":[{"embeddable":true,"href":"https:\/\/www.rifai.org\/sufism\/wp-json\/wp\/v2\/users\/1"}],"replies":[{"embeddable":true,"href":"https:\/\/www.rifai.org\/sufism\/wp-json\/wp\/v2\/comments?post=1556"}],"version-history":[{"count":2,"href":"https:\/\/www.rifai.org\/sufism\/wp-json\/wp\/v2\/pages\/1556\/revisions"}],"predecessor-version":[{"id":1558,"href":"https:\/\/www.rifai.org\/sufism\/wp-json\/wp\/v2\/pages\/1556\/revisions\/1558"}],"up":[{"embeddable":true,"href":"https:\/\/www.rifai.org\/sufism\/wp-json\/wp\/v2\/pages\/1306"}],"wp:attachment":[{"href":"https:\/\/www.rifai.org\/sufism\/wp-json\/wp\/v2\/media?parent=1556"}],"curies":[{"name":"wp","href":"https:\/\/api.w.org\/{rel}","templated":true}]}}