{"id":1562,"date":"2013-06-02T12:24:13","date_gmt":"2013-06-02T10:24:13","guid":{"rendered":"http:\/\/www.rifai.org\/sufism\/?page_id=1562"},"modified":"2013-06-02T12:24:13","modified_gmt":"2013-06-02T10:24:13","slug":"haber-eylen-asiklara","status":"publish","type":"page","link":"https:\/\/www.rifai.org\/sufism\/turkce\/hazretler\/hazreti-yunus-emre\/haber-eylen-asiklara\/","title":{"rendered":"Haber eylen \u00e2\u015f\u0131klara"},"content":{"rendered":"<p>Haber eylen \u00e2\u015f\u0131klara<br \/>\nA\u015fka g\u00f6n\u00fcl veren benem<br \/>\nA\u015fk bahrisi oluban\u0131<br \/>\nDenizlere dalan benem<\/p>\n<p>Deniz y\u00fcz\u00fcnden su al\u0131p<br \/>\nSunuverirem g\u00f6klere<br \/>\nBulutlay\u0131n seyran edip<br \/>\nAr\u015fa yak\u0131n varan benem<\/p>\n<p>G\u00f6rd\u00fcm diyen de\u011fil g\u00f6ren<br \/>\nBildim diyen de\u011fil bilen<br \/>\nBilen oldur g\u00f6steren ol<br \/>\nA\u015fka yesir olan benem<\/p>\n<p>Sekiz u\u00e7mak \u00e2\u015f\u0131klara<br \/>\nK\u00f6\u015fk \u00fc sarayd\u0131r bilene<br \/>\nMusileyin hayran olup<br \/>\nTur da\u011f\u0131nda kalan benem<\/p>\n<p>Deli oldum ad\u0131m Yunus<br \/>\nA\u015fk oldu bana k\u0131lavuz<br \/>\nHazrete de\u011fin yal\u0131n\u0131z<br \/>\nY\u00fcz s\u00fcr\u00fcy\u00fc varan benem<\/p>\n","protected":false},"excerpt":{"rendered":"<p>Haber eylen \u00e2\u015f\u0131klara A\u015fka g\u00f6n\u00fcl veren benem A\u015fk bahrisi oluban\u0131 Denizlere dalan benem Deniz y\u00fcz\u00fcnden su al\u0131p Sunuverirem g\u00f6klere Bulutlay\u0131n [&hellip;]<\/p>\n","protected":false},"author":1,"featured_media":0,"parent":1306,"menu_order":20,"comment_status":"open","ping_status":"open","template":"page-yunusemre-poem.php","meta":{"_monsterinsights_skip_tracking":false,"_monsterinsights_sitenote_active":false,"_monsterinsights_sitenote_note":"","_monsterinsights_sitenote_category":0,"footnotes":""},"class_list":["post-1562","page","type-page","status-publish","hentry"],"_links":{"self":[{"href":"https:\/\/www.rifai.org\/sufism\/wp-json\/wp\/v2\/pages\/1562","targetHints":{"allow":["GET"]}}],"collection":[{"href":"https:\/\/www.rifai.org\/sufism\/wp-json\/wp\/v2\/pages"}],"about":[{"href":"https:\/\/www.rifai.org\/sufism\/wp-json\/wp\/v2\/types\/page"}],"author":[{"embeddable":true,"href":"https:\/\/www.rifai.org\/sufism\/wp-json\/wp\/v2\/users\/1"}],"replies":[{"embeddable":true,"href":"https:\/\/www.rifai.org\/sufism\/wp-json\/wp\/v2\/comments?post=1562"}],"version-history":[{"count":2,"href":"https:\/\/www.rifai.org\/sufism\/wp-json\/wp\/v2\/pages\/1562\/revisions"}],"predecessor-version":[{"id":1564,"href":"https:\/\/www.rifai.org\/sufism\/wp-json\/wp\/v2\/pages\/1562\/revisions\/1564"}],"up":[{"embeddable":true,"href":"https:\/\/www.rifai.org\/sufism\/wp-json\/wp\/v2\/pages\/1306"}],"wp:attachment":[{"href":"https:\/\/www.rifai.org\/sufism\/wp-json\/wp\/v2\/media?parent=1562"}],"curies":[{"name":"wp","href":"https:\/\/api.w.org\/{rel}","templated":true}]}}

Haber eylen âşıklara

<p>Haber eylen âşıklara<br />
Aşka gönül veren benem<br />
Aşk bahrisi olubanı<br />
Denizlere dalan benem</p>
<p>Deniz yüzünden su alıp<br />
Sunuverirem göklere<br />
Bulutlayın seyran edip<br />
Arşa yakın varan benem</p>
<p>Gördüm diyen değil gören<br />
Bildim diyen değil bilen<br />
Bilen oldur gösteren ol<br />
Aşka yesir olan benem</p>
<p>Sekiz uçmak âşıklara<br />
Köşk ü saraydır bilene<br />
Musileyin hayran olup<br />
Tur dağında kalan benem</p>
<p>Deli oldum adım Yunus<br />
Aşk oldu bana kılavuz<br />
Hazrete değin yalınız<br />
Yüz sürüyü varan benem</p>

<p>Haber eylen âşıklara Aşka gönül veren benem Aşk bahrisi olubanı Denizlere dalan benem Deniz yüzünden su alıp Sunuverirem göklere Bulutlayın [&hellip;]</p>
