{"id":1574,"date":"2013-06-02T13:25:19","date_gmt":"2013-06-02T11:25:19","guid":{"rendered":"http:\/\/www.rifai.org\/sufism\/?page_id=1574"},"modified":"2013-06-02T13:25:19","modified_gmt":"2013-06-02T11:25:19","slug":"herkime-kim-dervislik-bagislana","status":"publish","type":"page","link":"https:\/\/www.rifai.org\/sufism\/turkce\/hazretler\/hazreti-yunus-emre\/herkime-kim-dervislik-bagislana\/","title":{"rendered":"Herkime kim dervi\u015flik ba\u011f\u0131\u015flana"},"content":{"rendered":"<p>Herkime kim dervi\u015flik ba\u011f\u0131\u015flana<br \/>\nKalp\u0131 gide p\u00e2k ola g\u00fcm\u00fc\u015flene<\/p>\n<p>Nefesinden miskile anber d\u00fcte<br \/>\nBuda\u011f\u0131ndan il \u00fc \u015far yimi\u015flene<\/p>\n<p>Yapra\u011f\u0131 hem dertl\u00fcye derman ola<br \/>\nG\u00f6lgesinde \u00e7ok hay\u0131rlar i\u015flene<\/p>\n<p>\u00c2\u015f\u0131kun g\u00f6zi ya\u015f\u0131 hem g\u00f6l ova<br \/>\nAya\u011f\u0131ndan saz bit\u00fcp kam\u0131\u015flana<\/p>\n<p>C\u00fcmle \u015fair dost ba\u011f\u00e7esi b\u00fclb\u00fcli<br \/>\nYunus Emre orada d\u00fcrra\u00e7lana<\/p>\n","protected":false},"excerpt":{"rendered":"<p>Herkime kim dervi\u015flik ba\u011f\u0131\u015flana Kalp\u0131 gide p\u00e2k ola g\u00fcm\u00fc\u015flene Nefesinden miskile anber d\u00fcte Buda\u011f\u0131ndan il \u00fc \u015far yimi\u015flene Yapra\u011f\u0131 hem [&hellip;]<\/p>\n","protected":false},"author":1,"featured_media":0,"parent":1306,"menu_order":25,"comment_status":"open","ping_status":"open","template":"page-yunusemre-poem.php","meta":{"_monsterinsights_skip_tracking":false,"_monsterinsights_sitenote_active":false,"_monsterinsights_sitenote_note":"","_monsterinsights_sitenote_category":0,"footnotes":""},"class_list":["post-1574","page","type-page","status-publish","hentry"],"_links":{"self":[{"href":"https:\/\/www.rifai.org\/sufism\/wp-json\/wp\/v2\/pages\/1574","targetHints":{"allow":["GET"]}}],"collection":[{"href":"https:\/\/www.rifai.org\/sufism\/wp-json\/wp\/v2\/pages"}],"about":[{"href":"https:\/\/www.rifai.org\/sufism\/wp-json\/wp\/v2\/types\/page"}],"author":[{"embeddable":true,"href":"https:\/\/www.rifai.org\/sufism\/wp-json\/wp\/v2\/users\/1"}],"replies":[{"embeddable":true,"href":"https:\/\/www.rifai.org\/sufism\/wp-json\/wp\/v2\/comments?post=1574"}],"version-history":[{"count":1,"href":"https:\/\/www.rifai.org\/sufism\/wp-json\/wp\/v2\/pages\/1574\/revisions"}],"predecessor-version":[{"id":1575,"href":"https:\/\/www.rifai.org\/sufism\/wp-json\/wp\/v2\/pages\/1574\/revisions\/1575"}],"up":[{"embeddable":true,"href":"https:\/\/www.rifai.org\/sufism\/wp-json\/wp\/v2\/pages\/1306"}],"wp:attachment":[{"href":"https:\/\/www.rifai.org\/sufism\/wp-json\/wp\/v2\/media?parent=1574"}],"curies":[{"name":"wp","href":"https:\/\/api.w.org\/{rel}","templated":true}]}}