{"id":1586,"date":"2013-06-02T13:33:09","date_gmt":"2013-06-02T11:33:09","guid":{"rendered":"http:\/\/www.rifai.org\/sufism\/?page_id=1586"},"modified":"2013-06-02T13:33:09","modified_gmt":"2013-06-02T11:33:09","slug":"benim-bunda-kararim-yok","status":"publish","type":"page","link":"https:\/\/www.rifai.org\/sufism\/turkce\/hazretler\/hazreti-yunus-emre\/benim-bunda-kararim-yok\/","title":{"rendered":"Benim bunda karar\u0131m yok"},"content":{"rendered":"<p>Benim bunda karar\u0131m yok<br \/>\nBen gine gitme\u011fe geldim<br \/>\nBezirg\u00e2n\u0131m met\u00e2\u0131m \u00e7ok<br \/>\nAlana satma\u011fa geldim<\/p>\n<p>Ben gelmedim d\u00e2v&#8217;i i\u00e7in<br \/>\nenim i\u015fim sevi i\u00e7in<br \/>\nDostun evi g\u00f6n\u00fcllerdir<br \/>\nG\u00f6n\u00fcller yapma\u011fa geldim<\/p>\n<p>Dost esr\u00fc\u011f\u00fc delili\u011fim<br \/>\n\u00c2\u015f\u0131klar bilir neli\u011fim<br \/>\nDe\u011f\u015f\u00fcr\u00fcben ikili\u011fim<br \/>\nBirli\u011fe yetme\u011fe geldim<\/p>\n","protected":false},"excerpt":{"rendered":"<p>Benim bunda karar\u0131m yok Ben gine gitme\u011fe geldim Bezirg\u00e2n\u0131m met\u00e2\u0131m \u00e7ok Alana satma\u011fa geldim Ben gelmedim d\u00e2v&#8217;i i\u00e7in enim i\u015fim [&hellip;]<\/p>\n","protected":false},"author":1,"featured_media":0,"parent":1306,"menu_order":31,"comment_status":"open","ping_status":"open","template":"page-yunusemre-poem.php","meta":{"_monsterinsights_skip_tracking":false,"_monsterinsights_sitenote_active":false,"_monsterinsights_sitenote_note":"","_monsterinsights_sitenote_category":0,"footnotes":""},"class_list":["post-1586","page","type-page","status-publish","hentry"],"_links":{"self":[{"href":"https:\/\/www.rifai.org\/sufism\/wp-json\/wp\/v2\/pages\/1586","targetHints":{"allow":["GET"]}}],"collection":[{"href":"https:\/\/www.rifai.org\/sufism\/wp-json\/wp\/v2\/pages"}],"about":[{"href":"https:\/\/www.rifai.org\/sufism\/wp-json\/wp\/v2\/types\/page"}],"author":[{"embeddable":true,"href":"https:\/\/www.rifai.org\/sufism\/wp-json\/wp\/v2\/users\/1"}],"replies":[{"embeddable":true,"href":"https:\/\/www.rifai.org\/sufism\/wp-json\/wp\/v2\/comments?post=1586"}],"version-history":[{"count":1,"href":"https:\/\/www.rifai.org\/sufism\/wp-json\/wp\/v2\/pages\/1586\/revisions"}],"predecessor-version":[{"id":1587,"href":"https:\/\/www.rifai.org\/sufism\/wp-json\/wp\/v2\/pages\/1586\/revisions\/1587"}],"up":[{"embeddable":true,"href":"https:\/\/www.rifai.org\/sufism\/wp-json\/wp\/v2\/pages\/1306"}],"wp:attachment":[{"href":"https:\/\/www.rifai.org\/sufism\/wp-json\/wp\/v2\/media?parent=1586"}],"curies":[{"name":"wp","href":"https:\/\/api.w.org\/{rel}","templated":true}]}}

Benim bunda kararım yok

<p>Benim bunda kararım yok<br />
Ben gine gitmeğe geldim<br />
Bezirgânım metâım çok<br />
Alana satmağa geldim</p>
<p>Ben gelmedim dâv&#8217;i için<br />
enim işim sevi için<br />
Dostun evi gönüllerdir<br />
Gönüller yapmağa geldim</p>
<p>Dost esrüğü deliliğim<br />
Âşıklar bilir neliğim<br />
Değşürüben ikiliğim<br />
Birliğe yetmeğe geldim</p>

<p>Benim bunda kararım yok Ben gine gitmeğe geldim Bezirgânım metâım çok Alana satmağa geldim Ben gelmedim dâv&#8217;i için enim işim [&hellip;]</p>
