{"id":1600,"date":"2013-06-02T13:42:13","date_gmt":"2013-06-02T11:42:13","guid":{"rendered":"http:\/\/www.rifai.org\/sufism\/?page_id=1600"},"modified":"2013-06-02T13:42:13","modified_gmt":"2013-06-02T11:42:13","slug":"yarab-bu-ne-derddur-derman-bulinmaz","status":"publish","type":"page","link":"https:\/\/www.rifai.org\/sufism\/turkce\/hazretler\/hazreti-yunus-emre\/yarab-bu-ne-derddur-derman-bulinmaz\/","title":{"rendered":"Y\u00e2rab bu ne derdd\u00fcr derman bul\u0131nmaz"},"content":{"rendered":"<p>Y\u00e2rab bu ne derdd\u00fcr derman bul\u0131nmaz<br \/>\nYa bu ne yaradur zahmi bel\u00fcrmez<\/p>\n<p>Ben\u00fcm garib g\u00f6nl\u00fcm a\u015fkdan usanmaz<br \/>\nVarur a\u015fka d\u00fc\u015fer hi\u00e7 bana d\u00f6nmez<\/p>\n<p>D\u00f6ner g\u00f6nl\u00fcm bana \u00f6\u011f\u00fct vir\u00fcr ho\u015f<br \/>\n\u00c2\u015f\u0131k olan g\u00f6n\u00fcl a\u015fkdan usanmaz<\/p>\n<p>\u00c2\u015f\u0131k ki cana kald\u0131 \u00e2\u015f\u0131k olmaz<br \/>\nCan\u0131n terk itmeyen m\u00e2\u015fuk\u0131 bulmaz<\/p>\n<p>\u00c2\u015f\u0131k bir ki\u015fid\u00fcr bu d\u00fcnya mal\u0131n<br \/>\n\u00c2h\u0131ret korkus\u0131n bir pula saymaz<\/p>\n<p>\u00c2\u015f\u0131k \u00f6ldi diy\u00fc sal\u00e2 vir\u00fcrler<br \/>\n\u00d6len hayvan durur \u00e2\u015f\u0131klar \u00f6lmez<\/p>\n<p>Bu d\u00fcnya ol \u00e2h\u0131retden i\u00e7er\u00fc<br \/>\n\u00c2\u015f\u0131kun yiri var kimesne bilmez<\/p>\n<p>Erenler meydan\u0131 ar\u015fdan y\u00fcced\u00fcr<br \/>\nSalarlar \u00e7evg\u00e2n\u0131 tup bel\u00fcrmez<\/p>\n<p>Yunus bu tevhide gark old\u0131 gitti<br \/>\nGir\u00fc gelmekli\u011fe akl\u0131 dirilmez<\/p>\n","protected":false},"excerpt":{"rendered":"<p>Y\u00e2rab bu ne derdd\u00fcr derman bul\u0131nmaz Ya bu ne yaradur zahmi bel\u00fcrmez Ben\u00fcm garib g\u00f6nl\u00fcm a\u015fkdan usanmaz Varur a\u015fka d\u00fc\u015fer [&hellip;]<\/p>\n","protected":false},"author":1,"featured_media":0,"parent":1306,"menu_order":39,"comment_status":"open","ping_status":"open","template":"page-yunusemre-poem.php","meta":{"_monsterinsights_skip_tracking":false,"_monsterinsights_sitenote_active":false,"_monsterinsights_sitenote_note":"","_monsterinsights_sitenote_category":0,"footnotes":""},"class_list":["post-1600","page","type-page","status-publish","hentry"],"_links":{"self":[{"href":"https:\/\/www.rifai.org\/sufism\/wp-json\/wp\/v2\/pages\/1600","targetHints":{"allow":["GET"]}}],"collection":[{"href":"https:\/\/www.rifai.org\/sufism\/wp-json\/wp\/v2\/pages"}],"about":[{"href":"https:\/\/www.rifai.org\/sufism\/wp-json\/wp\/v2\/types\/page"}],"author":[{"embeddable":true,"href":"https:\/\/www.rifai.org\/sufism\/wp-json\/wp\/v2\/users\/1"}],"replies":[{"embeddable":true,"href":"https:\/\/www.rifai.org\/sufism\/wp-json\/wp\/v2\/comments?post=1600"}],"version-history":[{"count":1,"href":"https:\/\/www.rifai.org\/sufism\/wp-json\/wp\/v2\/pages\/1600\/revisions"}],"predecessor-version":[{"id":1601,"href":"https:\/\/www.rifai.org\/sufism\/wp-json\/wp\/v2\/pages\/1600\/revisions\/1601"}],"up":[{"embeddable":true,"href":"https:\/\/www.rifai.org\/sufism\/wp-json\/wp\/v2\/pages\/1306"}],"wp:attachment":[{"href":"https:\/\/www.rifai.org\/sufism\/wp-json\/wp\/v2\/media?parent=1600"}],"curies":[{"name":"wp","href":"https:\/\/api.w.org\/{rel}","templated":true}]}}

Yârab bu ne derddür derman bulınmaz

<p>Yârab bu ne derddür derman bulınmaz<br />
Ya bu ne yaradur zahmi belürmez</p>
<p>Benüm garib gönlüm aşkdan usanmaz<br />
Varur aşka düşer hiç bana dönmez</p>
<p>Döner gönlüm bana öğüt virür hoş<br />
Âşık olan gönül aşkdan usanmaz</p>
<p>Âşık ki cana kaldı âşık olmaz<br />
Canın terk itmeyen mâşukı bulmaz</p>
<p>Âşık bir kişidür bu dünya malın<br />
Âhıret korkusın bir pula saymaz</p>
<p>Âşık öldi diyü salâ virürler<br />
Ölen hayvan durur âşıklar ölmez</p>
<p>Bu dünya ol âhıretden içerü<br />
Âşıkun yiri var kimesne bilmez</p>
<p>Erenler meydanı arşdan yücedür<br />
Salarlar çevgânı tup belürmez</p>
<p>Yunus bu tevhide gark oldı gitti<br />
Girü gelmekliğe aklı dirilmez</p>

<p>Yârab bu ne derddür derman bulınmaz Ya bu ne yaradur zahmi belürmez Benüm garib gönlüm aşkdan usanmaz Varur aşka düşer [&hellip;]</p>
