{"id":1606,"date":"2013-06-02T13:46:51","date_gmt":"2013-06-02T11:46:51","guid":{"rendered":"http:\/\/www.rifai.org\/sufism\/?page_id=1606"},"modified":"2013-06-02T13:46:51","modified_gmt":"2013-06-02T11:46:51","slug":"kerem-it-bir-beri-bak-rikab-yuzunden-birak","status":"publish","type":"page","link":"https:\/\/www.rifai.org\/sufism\/turkce\/hazretler\/hazreti-yunus-emre\/kerem-it-bir-beri-bak-rikab-yuzunden-birak\/","title":{"rendered":"Kerem it bir beri bak rikab y\u00fcz\u00fcnden b\u0131rak"},"content":{"rendered":"<p>Kerem it bir beri bak rikab y\u00fcz\u00fcnden b\u0131rak<br \/>\nAyun \u00f6nd\u00f6rdi misin balkurur y\u00fcz \u00fc yanak<\/p>\n<p>S\u0131rat\u0131n ar\u0131l\u0131\u011f\u0131 bulgur u nohud gibi<br \/>\n\u0130ki ka\u015fun ay alnun gen\u00e7 aya vir\u00fcr sabak<\/p>\n<p>Kang\u0131 bir nesneni ki dil nice \u015ferh eyles\u00fcn<br \/>\n\u0130l\u00e2h\u00ee sen beklegil yavuz g\u00f6zlerden \u0131rak<\/p>\n<p>Boyun yuvuk boy\u0131ndan hi\u00e7 fark eyleyemed\u00fcm<br \/>\nG\u00fcm\u00e2na viren beni k\u00fcpeli iki kulak<\/p>\n<p>Yunus Hak tecellisin sen\u00fcn y\u00fcz\u00fcnde g\u00f6rdi<br \/>\n\u00c7are yok ayr\u0131lma\u011fa \u00e7\u00fcn sende g\u00f6r\u00fcndi Hak<\/p>\n","protected":false},"excerpt":{"rendered":"<p>Kerem it bir beri bak rikab y\u00fcz\u00fcnden b\u0131rak Ayun \u00f6nd\u00f6rdi misin balkurur y\u00fcz \u00fc yanak S\u0131rat\u0131n ar\u0131l\u0131\u011f\u0131 bulgur u nohud [&hellip;]<\/p>\n","protected":false},"author":1,"featured_media":0,"parent":1306,"menu_order":42,"comment_status":"open","ping_status":"open","template":"page-yunusemre-poem.php","meta":{"_monsterinsights_skip_tracking":false,"_monsterinsights_sitenote_active":false,"_monsterinsights_sitenote_note":"","_monsterinsights_sitenote_category":0,"footnotes":""},"class_list":["post-1606","page","type-page","status-publish","hentry"],"_links":{"self":[{"href":"https:\/\/www.rifai.org\/sufism\/wp-json\/wp\/v2\/pages\/1606","targetHints":{"allow":["GET"]}}],"collection":[{"href":"https:\/\/www.rifai.org\/sufism\/wp-json\/wp\/v2\/pages"}],"about":[{"href":"https:\/\/www.rifai.org\/sufism\/wp-json\/wp\/v2\/types\/page"}],"author":[{"embeddable":true,"href":"https:\/\/www.rifai.org\/sufism\/wp-json\/wp\/v2\/users\/1"}],"replies":[{"embeddable":true,"href":"https:\/\/www.rifai.org\/sufism\/wp-json\/wp\/v2\/comments?post=1606"}],"version-history":[{"count":1,"href":"https:\/\/www.rifai.org\/sufism\/wp-json\/wp\/v2\/pages\/1606\/revisions"}],"predecessor-version":[{"id":1607,"href":"https:\/\/www.rifai.org\/sufism\/wp-json\/wp\/v2\/pages\/1606\/revisions\/1607"}],"up":[{"embeddable":true,"href":"https:\/\/www.rifai.org\/sufism\/wp-json\/wp\/v2\/pages\/1306"}],"wp:attachment":[{"href":"https:\/\/www.rifai.org\/sufism\/wp-json\/wp\/v2\/media?parent=1606"}],"curies":[{"name":"wp","href":"https:\/\/api.w.org\/{rel}","templated":true}]}}