{"id":1610,"date":"2013-06-02T13:48:57","date_gmt":"2013-06-02T11:48:57","guid":{"rendered":"http:\/\/www.rifai.org\/sufism\/?page_id=1610"},"modified":"2013-06-02T13:48:57","modified_gmt":"2013-06-02T11:48:57","slug":"soylememek-harcisi-soylemegin-hasidir","status":"publish","type":"page","link":"https:\/\/www.rifai.org\/sufism\/turkce\/hazretler\/hazreti-yunus-emre\/soylememek-harcisi-soylemegin-hasidir\/","title":{"rendered":"S\u00f6ylememek harc\u0131s\u0131 s\u00f6ylemegin has\u0131d\u0131r"},"content":{"rendered":"<p>S\u00f6ylememek harc\u0131s\u0131 s\u00f6ylemegin has\u0131d\u0131r<br \/>\nS\u00f6ylemegin harc\u0131s\u0131 g\u00f6n\u00fcllerin pas\u0131d\u0131r<\/p>\n<p>G\u00f6n\u00fcllerin pas\u0131n\u0131 ger sileyim der isen<br \/>\n\u015eol s\u00f6z\u00fc s\u00f6ylegil kim s\u00f6z\u00fcn hul\u00e2sas\u0131d\u0131r<\/p>\n<p>C\u00fcmle yarad\u0131lm\u0131\u015fa bir g\u00f6z ile bakmayan<br \/>\nHalka m\u00fcderris ise hakikatte \u00e2sidir<\/p>\n<p>\u015eer&#8217; ile hakikatin \u015ferhini eydem i\u015fit<br \/>\n\u015eeriat bir gemidir hakikat deryas\u0131d\u0131r<\/p>\n<p>Ol geminin tahtas\u0131 her nice muhkem ise<br \/>\nDeniz mevc uruca\u011f\u0131z onu u\u015fadas\u0131d\u0131r<\/p>\n<p>Bundan i\u00e7eri haber i\u015fit eydeyim ey y\u00e2r<br \/>\nHakikatin k\u00e2firi \u015fer&#8217;in evliyas\u0131d\u0131r<\/p>\n<p>Biz t\u00e2lib-i ilmleriz a\u015fk kitab\u0131n okuruz<br \/>\n\u00c7alap m\u00fcderris bize a\u015fk hod medresesidir<\/p>\n","protected":false},"excerpt":{"rendered":"<p>S\u00f6ylememek harc\u0131s\u0131 s\u00f6ylemegin has\u0131d\u0131r S\u00f6ylemegin harc\u0131s\u0131 g\u00f6n\u00fcllerin pas\u0131d\u0131r G\u00f6n\u00fcllerin pas\u0131n\u0131 ger sileyim der isen \u015eol s\u00f6z\u00fc s\u00f6ylegil kim s\u00f6z\u00fcn hul\u00e2sas\u0131d\u0131r [&hellip;]<\/p>\n","protected":false},"author":1,"featured_media":0,"parent":1306,"menu_order":44,"comment_status":"open","ping_status":"open","template":"page-yunusemre-poem.php","meta":{"_monsterinsights_skip_tracking":false,"_monsterinsights_sitenote_active":false,"_monsterinsights_sitenote_note":"","_monsterinsights_sitenote_category":0,"footnotes":""},"class_list":["post-1610","page","type-page","status-publish","hentry"],"_links":{"self":[{"href":"https:\/\/www.rifai.org\/sufism\/wp-json\/wp\/v2\/pages\/1610","targetHints":{"allow":["GET"]}}],"collection":[{"href":"https:\/\/www.rifai.org\/sufism\/wp-json\/wp\/v2\/pages"}],"about":[{"href":"https:\/\/www.rifai.org\/sufism\/wp-json\/wp\/v2\/types\/page"}],"author":[{"embeddable":true,"href":"https:\/\/www.rifai.org\/sufism\/wp-json\/wp\/v2\/users\/1"}],"replies":[{"embeddable":true,"href":"https:\/\/www.rifai.org\/sufism\/wp-json\/wp\/v2\/comments?post=1610"}],"version-history":[{"count":1,"href":"https:\/\/www.rifai.org\/sufism\/wp-json\/wp\/v2\/pages\/1610\/revisions"}],"predecessor-version":[{"id":1611,"href":"https:\/\/www.rifai.org\/sufism\/wp-json\/wp\/v2\/pages\/1610\/revisions\/1611"}],"up":[{"embeddable":true,"href":"https:\/\/www.rifai.org\/sufism\/wp-json\/wp\/v2\/pages\/1306"}],"wp:attachment":[{"href":"https:\/\/www.rifai.org\/sufism\/wp-json\/wp\/v2\/media?parent=1610"}],"curies":[{"name":"wp","href":"https:\/\/api.w.org\/{rel}","templated":true}]}}