{"id":1622,"date":"2013-06-02T13:54:36","date_gmt":"2013-06-02T11:54:36","guid":{"rendered":"http:\/\/www.rifai.org\/sufism\/?page_id=1622"},"modified":"2013-06-02T13:54:36","modified_gmt":"2013-06-02T11:54:36","slug":"severim-ben-seni-candan-iceri","status":"publish","type":"page","link":"https:\/\/www.rifai.org\/sufism\/turkce\/hazretler\/hazreti-yunus-emre\/severim-ben-seni-candan-iceri\/","title":{"rendered":"Severim ben seni candan i\u00e7eri"},"content":{"rendered":"<p>Severim ben seni candan i\u00e7eri<br \/>\nYolum vard\u0131r bu erk\u00e2ndan i\u00e7eri<\/p>\n<p>Beni bende demen bende de\u011filim<br \/>\nBir ben vard\u0131r bende benden i\u00e7eri<\/p>\n<p>Nereye bakar isem dopdolusun<br \/>\nSeni nere koyam benden i\u00e7eri<\/p>\n<p>Beni sorma bana bende de\u011filim<br \/>\nSuretim bo\u015f y\u00fcr\u00fcr dondan i\u00e7eri<\/p>\n<p>Senin a\u015fk\u0131n beni benden al\u0131pt\u0131r<br \/>\nNe \u015firin dert bu dermandan i\u00e7eri<\/p>\n<p>Ge\u00e7er iken Yunus \u015fe\u015f oldu dosta<br \/>\nKi kald\u0131 kapuda ondan i\u00e7eri<\/p>\n","protected":false},"excerpt":{"rendered":"<p>Severim ben seni candan i\u00e7eri Yolum vard\u0131r bu erk\u00e2ndan i\u00e7eri Beni bende demen bende de\u011filim Bir ben vard\u0131r bende benden [&hellip;]<\/p>\n","protected":false},"author":1,"featured_media":0,"parent":1306,"menu_order":50,"comment_status":"open","ping_status":"open","template":"page-yunusemre-poem.php","meta":{"_monsterinsights_skip_tracking":false,"_monsterinsights_sitenote_active":false,"_monsterinsights_sitenote_note":"","_monsterinsights_sitenote_category":0,"footnotes":""},"class_list":["post-1622","page","type-page","status-publish","hentry"],"_links":{"self":[{"href":"https:\/\/www.rifai.org\/sufism\/wp-json\/wp\/v2\/pages\/1622","targetHints":{"allow":["GET"]}}],"collection":[{"href":"https:\/\/www.rifai.org\/sufism\/wp-json\/wp\/v2\/pages"}],"about":[{"href":"https:\/\/www.rifai.org\/sufism\/wp-json\/wp\/v2\/types\/page"}],"author":[{"embeddable":true,"href":"https:\/\/www.rifai.org\/sufism\/wp-json\/wp\/v2\/users\/1"}],"replies":[{"embeddable":true,"href":"https:\/\/www.rifai.org\/sufism\/wp-json\/wp\/v2\/comments?post=1622"}],"version-history":[{"count":1,"href":"https:\/\/www.rifai.org\/sufism\/wp-json\/wp\/v2\/pages\/1622\/revisions"}],"predecessor-version":[{"id":1623,"href":"https:\/\/www.rifai.org\/sufism\/wp-json\/wp\/v2\/pages\/1622\/revisions\/1623"}],"up":[{"embeddable":true,"href":"https:\/\/www.rifai.org\/sufism\/wp-json\/wp\/v2\/pages\/1306"}],"wp:attachment":[{"href":"https:\/\/www.rifai.org\/sufism\/wp-json\/wp\/v2\/media?parent=1622"}],"curies":[{"name":"wp","href":"https:\/\/api.w.org\/{rel}","templated":true}]}}

Severim ben seni candan içeri

<p>Severim ben seni candan içeri<br />
Yolum vardır bu erkândan içeri</p>
<p>Beni bende demen bende değilim<br />
Bir ben vardır bende benden içeri</p>
<p>Nereye bakar isem dopdolusun<br />
Seni nere koyam benden içeri</p>
<p>Beni sorma bana bende değilim<br />
Suretim boş yürür dondan içeri</p>
<p>Senin aşkın beni benden alıptır<br />
Ne şirin dert bu dermandan içeri</p>
<p>Geçer iken Yunus şeş oldu dosta<br />
Ki kaldı kapuda ondan içeri</p>

<p>Severim ben seni candan içeri Yolum vardır bu erkândan içeri Beni bende demen bende değilim Bir ben vardır bende benden [&hellip;]</p>
