{"id":1688,"date":"2013-09-18T20:41:19","date_gmt":"2013-09-18T18:41:19","guid":{"rendered":"http:\/\/www.rifai.org\/sufism\/?page_id=1688"},"modified":"2013-09-18T20:41:19","modified_gmt":"2013-09-18T18:41:19","slug":"dogumu-ailesi-cocuklugu","status":"publish","type":"page","link":"https:\/\/www.rifai.org\/sufism\/turkce\/tarikatler\/dussukiye\/dogumu-ailesi-cocuklugu\/","title":{"rendered":"Do\u011fumu, Ailesi, \u00c7ocuklu\u011fu"},"content":{"rendered":"<p>Dussuk\u00eeye tarikat\u0131n\u0131n p\u00eeri Seyyid \u0130brahimi Dussuk\u00ee Hazretleri, Hicri 633 (Miladi 1236) senesi, \u015eaban ay\u0131n\u0131n otuzuncu gecesi, M\u0131s\u0131r\u2019da Nil nehrinin bat\u0131s\u0131ndaki Dussuk k\u00f6y\u00fcnde d\u00fcnyaya gelmi\u015ftir.<\/p>\n<p>Hazret-i H\u00fcseyin vas\u0131tas\u0131 ile nesebi Peygamber Efendimize (S.A.V.) dayand\u0131\u011f\u0131 i\u00e7in Seyyiddir. K\u00fcnyesi, Burhaneddin \u0130brahim bin Eb\u00fc\u2019l Mecd Abd\u00fclaziz ed Dussuk\u00ee \u015feklindedir. Kendisine, \u2018hakk\u0131 bat\u0131ldan, do\u011fruyu yanl\u0131\u015ftan ay\u0131ran\u2019 anlam\u0131na gelen Burhanneddin nisbesi verilmi\u015ftir. Silsilesi \u015f\u00f6yledir: \u0130brahim bin Ebu\u2019l Mecid, bin Ali, bin Ebu Neccar, Musa Kaz\u0131m, Cafer \u00dcz Zeki, Ali bin Muhammed Cevad, Ali R\u0131za, Musa Kaz\u0131m, Caferi Sad\u0131k, Muhammed Bak\u0131r, Zeynel Abidin, Hz. H\u00fcseyin (r.a.), Emir\u00fcl M\u00fcminin Hz.\u0130mam-\u0131 Ali (r.a.) ile Hz. Peygamber Efendimizin (s.a.v.) k\u0131z\u0131 Hz. Seyyide F\u00e2t\u0131ma (r.a.).<\/p>\n<p>Dindar bir ailenin evl\u00e2d\u0131 olarak d\u00fcnyaya geldi. Babas\u0131 Seyyid Eb\u00fc\u2019l-Mecid, Rifai tarikat\u0131na mensub olup, ayn\u0131 zamanda Ahmed er-Rifai Hazretleri\u2019nin (k.s.) halifesi konumunda bulunuyordu. Zaman\u0131n\u0131n \u00e2lim ve evliy\u00e2s\u0131ndan Muhammed bin H\u00e2r\u00fbn, Seyyid \u0130brahim\u2019in babas\u0131 Eb\u00fc\u2019l-Mecid Hazretlerini nerede g\u00f6rse h\u00fcrmeten aya\u011fa kalkard\u0131. Bir s\u00fcre sonra bu \u00e2detinden vazge\u00e7ti. Sebebi soruldu\u011funda; \u201c\u00d6nceleri, Eb\u00fc\u2019l-Mecid\u2019in temiz sulb\u00fcnden zaman\u0131n evliy\u00e2s\u0131n\u0131n b\u00fcy\u00fcklerinden olacak bir \u00e7ocu\u011fun do\u011faca\u011f\u0131n\u0131 g\u00f6rm\u00fc\u015ft\u00fcm. Bu \u00e7ocu\u011fun n\u00fbru Eb\u00fc\u2019l-Mecid\u2019de idi. Bu n\u00fbra h\u00fcrmeten, onu g\u00f6r\u00fcnce aya\u011fa kalkard\u0131m. Fakat \u015fimdi bu n\u00fbr, Eb\u00fc\u2019l-Mecid\u2019den han\u0131m\u0131na intik\u00e2l etmi\u015f bulunmaktad\u0131r\u201d buyurdu.<\/p>\n<p>Seyyid \u0130brahim Dussuk\u00ee Hazretleri\u2019nin do\u011fumundan bir g\u00fcn sonra idi. Halk, o g\u00fcn Ramaz\u00e2n-\u0131 \u015fer\u00eef olup olmad\u0131\u011f\u0131 konusunda teredd\u00fct i\u00e7indeydi. Hil\u00e2lin g\u00f6r\u00fcn\u00fcp g\u00f6r\u00fcnmedi\u011fini sormak i\u00e7in, Muhammed bin H\u00e2r\u00fbn\u2019a gidildi. O da ke\u015ff yoluyla Seyyid Burh\u00e2nedd\u00een\u2019in do\u011fdu\u011funu anlay\u0131p, gelenlere \u015f\u00f6yle dedi: \u201cD\u00fcn gece m\u00fcb\u00e2rek bir \u00e7ocuk d\u00fcny\u00e2ya geldi. Gidin, onun s\u00fct emip emmedi\u011fini \u00f6\u011frenin.\u201d Annesi evliy\u00e2n\u0131n b\u00fcy\u00fcklerinden Eb\u00fc\u2019l-Feth V\u00e2s\u0131t\u00ee\u2019nin k\u0131z\u0131 Seyyide F\u00e2t\u0131ma han\u0131m idi. Gidilip soruldu\u011funda, muhterem annesi \u00fczg\u00fcn bir \u015fekilde; \u201cBug\u00fcn fecr vaktinden beri hi\u00e7 emmedi\u201d dedi. Durum Muhammed bin H\u00e2r\u00fbn\u2019a bildirildi\u011finde, \u015f\u00f6yle dedi: \u201cSeyyide F\u00e2t\u0131ma han\u0131m \u00fcz\u00fclmesin. Ak\u015fam olunca \u00e7ocu\u011fu emer. Ramaz\u00e2n-\u0131 \u015fer\u00eefin birinci g\u00fcn\u00fc oldu\u011fu i\u00e7in, \u00e7ocuk emmemi\u015ftir.\u201d B\u00f6ylece Ramazan\u2019a girildi\u011fi anla\u015f\u0131lm\u0131\u015f oldu.<\/p>\n<p>Seyyid \u0130brahim Hazretleri, \u201cEl-Hak\u00e2y\u0131k\u201d adl\u0131 eserinde \u015f\u00f6yle der: \u201cHem babam\u0131n sulb\u00fcnde, hem de annemin rahminde iken, Allah\u00fc te\u00e2l\u00e2 bana pek \u00e7ok l\u00fctuf ve ihs\u00e2nlarda bulundu. Do\u011fdu\u011fum zaman hil\u00e2lin g\u00f6r\u00fcnd\u00fc\u011f\u00fc daha anla\u015f\u0131lmam\u0131\u015f iken, o g\u00fcn Ramazan\u2019\u0131n ba\u015flad\u0131\u011f\u0131n\u0131 insanlara m\u00fcjdeledim. Bu benim d\u00fcny\u00e2ya geli\u015fimin ilk ker\u00e2metiydi. Alt\u0131 ya\u015f\u0131ma gelince, Allah\u00fc te\u00e2l\u00e2, bana y\u00fcce \u00e2lemde vuku bulan \u015feyleri g\u00f6sterdi. Sekiz ya\u015f\u0131mda iken, Levh-i mahf\u00fbzu ve onda olan \u015feyleri m\u00fc\u015f\u00e2hede ettim. Dokuz ya\u015f\u0131mda, sem\u00e2 ve onda olan \u015feylerin s\u0131rr\u0131n\u0131 \u00e7\u00f6zd\u00fcm. Fakat as\u0131l olanlar, ond\u00f6rt ya\u015f\u0131mda iken oldu. Bunlar, Rabbimin bana sonsuz ihs\u00e2nlar\u0131ndan birka\u00e7\u0131d\u0131r. Bu ihs\u00e2nlar\u0131ndan dolay\u0131 Allah\u00fc te\u00e2l\u00e2ya hamd ederim.\u201d<\/p>\n","protected":false},"excerpt":{"rendered":"<p>Dussuk\u00eeye tarikat\u0131n\u0131n p\u00eeri Seyyid \u0130brahimi Dussuk\u00ee Hazretleri, Hicri 633 (Miladi 1236) senesi, \u015eaban ay\u0131n\u0131n otuzuncu gecesi, M\u0131s\u0131r\u2019da Nil nehrinin bat\u0131s\u0131ndaki [&hellip;]<\/p>\n","protected":false},"author":1,"featured_media":0,"parent":1378,"menu_order":1,"comment_status":"open","ping_status":"open","template":"page-dussuki.php","meta":{"_monsterinsights_skip_tracking":false,"_monsterinsights_sitenote_active":false,"_monsterinsights_sitenote_note":"","_monsterinsights_sitenote_category":0,"footnotes":""},"class_list":["post-1688","page","type-page","status-publish","hentry"],"_links":{"self":[{"href":"https:\/\/www.rifai.org\/sufism\/wp-json\/wp\/v2\/pages\/1688","targetHints":{"allow":["GET"]}}],"collection":[{"href":"https:\/\/www.rifai.org\/sufism\/wp-json\/wp\/v2\/pages"}],"about":[{"href":"https:\/\/www.rifai.org\/sufism\/wp-json\/wp\/v2\/types\/page"}],"author":[{"embeddable":true,"href":"https:\/\/www.rifai.org\/sufism\/wp-json\/wp\/v2\/users\/1"}],"replies":[{"embeddable":true,"href":"https:\/\/www.rifai.org\/sufism\/wp-json\/wp\/v2\/comments?post=1688"}],"version-history":[{"count":1,"href":"https:\/\/www.rifai.org\/sufism\/wp-json\/wp\/v2\/pages\/1688\/revisions"}],"predecessor-version":[{"id":1689,"href":"https:\/\/www.rifai.org\/sufism\/wp-json\/wp\/v2\/pages\/1688\/revisions\/1689"}],"up":[{"embeddable":true,"href":"https:\/\/www.rifai.org\/sufism\/wp-json\/wp\/v2\/pages\/1378"}],"wp:attachment":[{"href":"https:\/\/www.rifai.org\/sufism\/wp-json\/wp\/v2\/media?parent=1688"}],"curies":[{"name":"wp","href":"https:\/\/api.w.org\/{rel}","templated":true}]}}

Doğumu, Ailesi, Çocukluğu

<p>Dussukîye tarikatının pîri Seyyid İbrahimi Dussukî Hazretleri, Hicri 633 (Miladi 1236) senesi, Şaban ayının otuzuncu gecesi, Mısır’da Nil nehrinin batısındaki Dussuk köyünde dünyaya gelmiştir.</p>
<p>Hazret-i Hüseyin vasıtası ile nesebi Peygamber Efendimize (S.A.V.) dayandığı için Seyyiddir. Künyesi, Burhaneddin İbrahim bin Ebü’l Mecd Abdülaziz ed Dussukî şeklindedir. Kendisine, ‘hakkı batıldan, doğruyu yanlıştan ayıran’ anlamına gelen Burhanneddin nisbesi verilmiştir. Silsilesi şöyledir: İbrahim bin Ebu’l Mecid, bin Ali, bin Ebu Neccar, Musa Kazım, Cafer Üz Zeki, Ali bin Muhammed Cevad, Ali Rıza, Musa Kazım, Caferi Sadık, Muhammed Bakır, Zeynel Abidin, Hz. Hüseyin (r.a.), Emirül Müminin Hz.İmam-ı Ali (r.a.) ile Hz. Peygamber Efendimizin (s.a.v.) kızı Hz. Seyyide Fâtıma (r.a.).</p>
<p>Dindar bir ailenin evlâdı olarak dünyaya geldi. Babası Seyyid Ebü’l-Mecid, Rifai tarikatına mensub olup, aynı zamanda Ahmed er-Rifai Hazretleri’nin (k.s.) halifesi konumunda bulunuyordu. Zamanının âlim ve evliyâsından Muhammed bin Hârûn, Seyyid İbrahim’in babası Ebü’l-Mecid Hazretlerini nerede görse hürmeten ayağa kalkardı. Bir süre sonra bu âdetinden vazgeçti. Sebebi sorulduğunda; “Önceleri, Ebü’l-Mecid’in temiz sulbünden zamanın evliyâsının büyüklerinden olacak bir çocuğun doğacağını görmüştüm. Bu çocuğun nûru Ebü’l-Mecid’de idi. Bu nûra hürmeten, onu görünce ayağa kalkardım. Fakat şimdi bu nûr, Ebü’l-Mecid’den hanımına intikâl etmiş bulunmaktadır” buyurdu.</p>
<p>Seyyid İbrahim Dussukî Hazretleri’nin doğumundan bir gün sonra idi. Halk, o gün Ramazân-ı şerîf olup olmadığı konusunda tereddüt içindeydi. Hilâlin görünüp görünmediğini sormak için, Muhammed bin Hârûn’a gidildi. O da keşf yoluyla Seyyid Burhâneddîn’in doğduğunu anlayıp, gelenlere şöyle dedi: “Dün gece mübârek bir çocuk dünyâya geldi. Gidin, onun süt emip emmediğini öğrenin.” Annesi evliyânın büyüklerinden Ebü’l-Feth Vâsıtî’nin kızı Seyyide Fâtıma hanım idi. Gidilip sorulduğunda, muhterem annesi üzgün bir şekilde; “Bugün fecr vaktinden beri hiç emmedi” dedi. Durum Muhammed bin Hârûn’a bildirildiğinde, şöyle dedi: “Seyyide Fâtıma hanım üzülmesin. Akşam olunca çocuğu emer. Ramazân-ı şerîfin birinci günü olduğu için, çocuk emmemiştir.” Böylece Ramazan’a girildiği anlaşılmış oldu.</p>
<p>Seyyid İbrahim Hazretleri, “El-Hakâyık” adlı eserinde şöyle der: “Hem babamın sulbünde, hem de annemin rahminde iken, Allahü teâlâ bana pek çok lütuf ve ihsânlarda bulundu. Doğduğum zaman hilâlin göründüğü daha anlaşılmamış iken, o gün Ramazan’ın başladığını insanlara müjdeledim. Bu benim dünyâya gelişimin ilk kerâmetiydi. Altı yaşıma gelince, Allahü teâlâ, bana yüce âlemde vuku bulan şeyleri gösterdi. Sekiz yaşımda iken, Levh-i mahfûzu ve onda olan şeyleri müşâhede ettim. Dokuz yaşımda, semâ ve onda olan şeylerin sırrını çözdüm. Fakat asıl olanlar, ondört yaşımda iken oldu. Bunlar, Rabbimin bana sonsuz ihsânlarından birkaçıdır. Bu ihsânlarından dolayı Allahü teâlâya hamd ederim.”</p>

<p>Dussukîye tarikatının pîri Seyyid İbrahimi Dussukî Hazretleri, Hicri 633 (Miladi 1236) senesi, Şaban ayının otuzuncu gecesi, Mısır’da Nil nehrinin batısındaki [&hellip;]</p>
