{"id":1875,"date":"2014-10-12T01:31:55","date_gmt":"2014-10-11T23:31:55","guid":{"rendered":"http:\/\/www.rifai.org\/sufism\/?page_id=1875"},"modified":"2014-10-12T01:45:40","modified_gmt":"2014-10-11T23:45:40","slug":"hz-selahaddin-eyyubi","status":"publish","type":"page","link":"https:\/\/www.rifai.org\/sufism\/turkce\/hazretler\/hz-selahaddin-eyyubi\/","title":{"rendered":"Hz. Sel\u00e2haddin Eyyubi"},"content":{"rendered":"<p><img loading=\"lazy\" decoding=\"async\" class=\"alignleft size-medium wp-image-1880\" src=\"http:\/\/www.rifai.org\/sufism\/wp-content\/uploads\/2014\/10\/selahaddin-eyyubi-234x300.jpg\" alt=\"Selahaddin Eyyubi\" width=\"234\" height=\"300\" hspace=\"10\" vspace=\"10\" srcset=\"https:\/\/www.rifai.org\/sufism\/wp-content\/uploads\/2014\/10\/selahaddin-eyyubi-234x300.jpg 234w, https:\/\/www.rifai.org\/sufism\/wp-content\/uploads\/2014\/10\/selahaddin-eyyubi.jpg 700w\" sizes=\"auto, (max-width: 234px) 100vw, 234px\" \/>1138-1193 y\u0131llar\u0131 aras\u0131nda ya\u015fayan Sel\u00e2haddin Eyyubi, Ha\u00e7l\u0131 seferlerine son veren fetihlerin komutan\u0131, Eyyubi hanedan\u0131n kurucusu, Suriye ve M\u0131s\u0131r sultan\u0131d\u0131r. 1171 y\u0131l\u0131nda M\u0131s\u0131r\u2019\u0131, 1187 y\u0131l\u0131nda Kud\u00fcs\u2019\u00fc fethederek, b\u00f6lgedeki Ha\u00e7l\u0131 istil\u00e2s\u0131n\u0131 t\u00fcm\u00fcyle sona erdirmi\u015ftir. \u0130ki halifeli sistemi ortadan kald\u0131rarak b\u00f6lgede M\u00fcsl\u00fcman birli\u011finin kurulmas\u0131n\u0131 sa\u011flam\u0131\u015ft\u0131r. Atabey \u0130m\u00e2deddin Zengi\u2019nin emrinde sava\u015fan komutan Necmeddin Eyyub\u2019un o\u011fludur. Vakan\u00fcvislerin kay\u0131tlar\u0131na g\u00f6re, Sel\u00e2haddin Yusuf\u2019un do\u011fdu\u011fu gece, babas\u0131 Necmeddin Eyyub t\u00fcm ailesiyle birlikte Tikrit\u2019ten Halep\u2019e g\u00f6\u00e7m\u00fc\u015f ve burada Halep valisi \u0130m\u00e2deddin Zengi Hazretlerinin emrine girmi\u015ftir. Sel\u00e2haddin Eyyubi k\u00fc\u00e7\u00fck ya\u015flardan itibaren babas\u0131n\u0131n ve Atabey \u0130m\u00e2deddin Zengi\u2019nin g\u00f6zetiminde \u00e7ok iyi bir e\u011fitim alm\u0131\u015f ve devletin her a\u015famas\u0131nda bulunarak, ad\u0131m ad\u0131m y\u00fckselerek tecr\u00fcbe kazanm\u0131\u015ft\u0131r. Amcas\u0131 Eseduddin \u015eirkuh da, babas\u0131 Necmeddin Eyyub gibi, \u0130m\u00e2deddin Zengi Hazretlerine ve Nureddin Mahmud Zengi Hazretlerine \u00f6m\u00fcr boyu ba\u011fl\u0131 kalm\u0131\u015f, y\u00fcksek r\u00fctbeli bir komutand\u0131r. Gen\u00e7 Sel\u00e2haddin, \u015eam\u2019daki Dar\u2019\u00fcl-Hadis\u2019ten mezun olmu\u015f, burada geometri, astronomi, matematik, mant\u0131k, felsefe, sosyoloji, f\u0131k\u0131h, tarih dersleri alm\u0131\u015ft\u0131r. \u00d6nceleri bir ilim adam\u0131 olmak istemi\u015f, y\u00f6netici olma arzusu g\u00f6stermemi\u015ftir. Sel\u00e2haddin\u2019in askeri alanda \u00e7al\u0131\u015fmas\u0131n\u0131 ve y\u00fckselmesini Nureddin Mahmud Zengi Hazretleri istemi\u015f ve onu amcas\u0131 Eseduddin \u015eirkuh\u2019la birlikte gen\u00e7 ya\u015ftan itibaren \u00f6nemli seferlere g\u00f6ndermi\u015ftir. Asker olarak kazand\u0131\u011f\u0131 ba\u015far\u0131lar sonucunda Sel\u00e2haddin, 1169 y\u0131l\u0131nda amcas\u0131 \u015eirkuh&#8217;un \u00f6l\u00fcm\u00fc \u00fczerine, 31 ya\u015f\u0131ndayken, melik unvan\u0131yla Nureddin Mahmud Zengi Hazretleri taraf\u0131ndan M\u0131s\u0131r&#8217;daki Suriye birliklerinin komutanl\u0131\u011f\u0131na atanm\u0131\u015ft\u0131r.<\/p>\n<p>1171 y\u0131l\u0131nda M\u0131s\u0131r&#8217;\u0131 fethedip buradaki Fat\u0131mi halifeli\u011fine son vererek, Ba\u011fdat&#8217;taki Abbasi halifeli\u011fine ba\u011fl\u0131l\u0131\u011f\u0131n\u0131 ilan eden Sel\u00e2haddin Eyyubi, M\u0131s\u0131r\u2019\u0131n y\u00f6neticisi durumuna geldi. B\u00f6ylece \u0130slam d\u00fcnyas\u0131ndaki iki ba\u015fl\u0131l\u0131k son bulmu\u015f ve biri Ba\u011fdat&#8217;ta, biri de M\u0131s\u0131r&#8217;da olmak \u00fczere mevcut olan iki halifeli yap\u0131 de\u011fi\u015ftirilmi\u015f oldu. Sel\u00e2haddin Eyyubi Hazretleri, Nureddin Mahmud Zengi Hazretlerine hayat\u0131 boyunca ba\u011fl\u0131 kald\u0131, fakat onun 1174 y\u0131l\u0131nda vefat etmesiyle durum de\u011fi\u015fti. Suriye, Kuzey Mezopotamya, Filistin ve M\u0131s\u0131r\u2019daki t\u00fcm M\u00fcsl\u00fcman topraklar\u0131n\u0131 kendi bayra\u011f\u0131 alt\u0131nda birle\u015ftirmeye giri\u015fti ve \u0130slam birli\u011fini tekrar kurdu. Uzun bir m\u00fccadele sonras\u0131nda, 1187 senesinde, seksen sekiz y\u0131l Ha\u00e7l\u0131lar\u0131n egemenli\u011finde kalm\u0131\u015f olan Kud\u00fcs\u2019\u00fc teslim ald\u0131.<\/p>\n<p>Sel\u00e2haddin Eyyubi Hazretleri, sadece \u00fcst\u00fcn sava\u015f\u00e7\u0131l\u0131\u011f\u0131 ve komutanl\u0131\u011f\u0131yla de\u011fil; esas olarak adaleti, d\u00fcr\u00fcstl\u00fc\u011f\u00fc ve c\u00f6mertli\u011fiyle dostlar\u0131n\u0131n ve d\u00fc\u015fmanlar\u0131n\u0131n sadakatini ve hayranl\u0131\u011f\u0131n\u0131 kazanm\u0131\u015ft\u0131r. Sahtek\u00e2rl\u0131k, ahl\u00e2ks\u0131zl\u0131k ve gaddarl\u0131ktan uzak, c\u00f6mert, erdemli, ama kararl\u0131 bir h\u00fck\u00fcmdar olarak tan\u0131nm\u0131\u015ft\u0131r. \u0130bret al\u0131nan \u00f6yk\u00fcleri, adeta birer efsane haline gelerek, Bat\u0131\u2019da ve Do\u011fu\u2019da bug\u00fcne dek hayranl\u0131kla anlat\u0131lagelmi\u015ftir.<\/p>\n","protected":false},"excerpt":{"rendered":"<p>1138-1193 y\u0131llar\u0131 aras\u0131nda ya\u015fayan Sel\u00e2haddin Eyyubi, Ha\u00e7l\u0131 seferlerine son veren fetihlerin komutan\u0131, Eyyubi hanedan\u0131n kurucusu, Suriye ve M\u0131s\u0131r sultan\u0131d\u0131r. 1171 [&hellip;]<\/p>\n","protected":false},"author":1,"featured_media":0,"parent":1304,"menu_order":4,"comment_status":"open","ping_status":"open","template":"","meta":{"_monsterinsights_skip_tracking":false,"_monsterinsights_sitenote_active":false,"_monsterinsights_sitenote_note":"","_monsterinsights_sitenote_category":0,"footnotes":""},"class_list":["post-1875","page","type-page","status-publish","hentry"],"_links":{"self":[{"href":"https:\/\/www.rifai.org\/sufism\/wp-json\/wp\/v2\/pages\/1875","targetHints":{"allow":["GET"]}}],"collection":[{"href":"https:\/\/www.rifai.org\/sufism\/wp-json\/wp\/v2\/pages"}],"about":[{"href":"https:\/\/www.rifai.org\/sufism\/wp-json\/wp\/v2\/types\/page"}],"author":[{"embeddable":true,"href":"https:\/\/www.rifai.org\/sufism\/wp-json\/wp\/v2\/users\/1"}],"replies":[{"embeddable":true,"href":"https:\/\/www.rifai.org\/sufism\/wp-json\/wp\/v2\/comments?post=1875"}],"version-history":[{"count":3,"href":"https:\/\/www.rifai.org\/sufism\/wp-json\/wp\/v2\/pages\/1875\/revisions"}],"predecessor-version":[{"id":1882,"href":"https:\/\/www.rifai.org\/sufism\/wp-json\/wp\/v2\/pages\/1875\/revisions\/1882"}],"up":[{"embeddable":true,"href":"https:\/\/www.rifai.org\/sufism\/wp-json\/wp\/v2\/pages\/1304"}],"wp:attachment":[{"href":"https:\/\/www.rifai.org\/sufism\/wp-json\/wp\/v2\/media?parent=1875"}],"curies":[{"name":"wp","href":"https:\/\/api.w.org\/{rel}","templated":true}]}}