{"id":713,"date":"2012-10-24T20:27:25","date_gmt":"2012-10-24T18:27:25","guid":{"rendered":"http:\/\/www.rifai.org\/sufism\/?page_id=713"},"modified":"2012-11-10T22:50:24","modified_gmt":"2012-11-10T20:50:24","slug":"cosa-e-il-sufismo","status":"publish","type":"page","link":"https:\/\/www.rifai.org\/sufism\/italiano\/cosa-e-il-sufismo\/","title":{"rendered":"Cosa \u00e8 il sufismo?"},"content":{"rendered":"<p style=\"text-align: justify;\">Il sufismo, Tasawwuf, \u00e8 uno stile di vita, un modo di vivere.<\/p>\n<p style=\"text-align: justify;\"><img loading=\"lazy\" decoding=\"async\" class=\"alignleft\" title=\"Islam And Sufism\" src=\"http:\/\/www.rifai.org\/sufism\/wp-content\/uploads\/2011\/11\/IslamAndSufism.jpg\" alt=\"\" width=\"266\" height=\"266\" \/>Attraverso questo modo di vivere, \u00e8 possibile scoprire il proprio vero essere e realizzarlo. Questo vero essere, che esiste in ogni uomo oltre l&#8217;io\/ego, \u00e8 in armonia con tutto ci\u00f2 che esiste nell&#8217;Universo. Questo vero essere, anche detto S\u00e9, \u00e8 capace di una consapevolezza, di un&#8217;azione, di una creativit\u00e0 e di un amore che va ben oltre le possibilit\u00e0 dell&#8217;io superficiale.<\/p>\n<p style=\"text-align: justify;\">Il Tasawwuf \u00e8 un insegnamento vivo e vivente. La sua sorgente \u00e8 Allah, ma il veicolo attraverso il quale esso \u00e8 trasmesso \u00e8 umanoe a questa ininterrotta trasmissione, avvenuta nel corso dell&#8217;intera storia umana, si sono dedicati molti perfetti e realizzati istruttori spirituali. E&#8217; importante ricordare che il tasawwuf, essendo un insegnamento vivente, pu\u00f2 essere interiorizzato solo attraverso l&#8217;esperienza diretta, grazie ad un lavoro spirituale quotidiano.<\/p>\n<p style=\"text-align: justify;\"><img loading=\"lazy\" decoding=\"async\" class=\"alignright\" title=\"Divine\" src=\"http:\/\/www.rifai.org\/sufism\/wp-content\/uploads\/2011\/11\/divine02-238x300.png\" alt=\"\" width=\"238\" height=\"300\" \/>Il Tasawwuf \u00e8 una tradizione che mira alla realizzazione spirituale, che ha trasportato e traposto al suo interno la Verit\u00e0 esenziale (haqiqah) attraverso lo scorrere del tempo. La Tradizione, tuttavia, deve essere concepita come un&#8217;essenza vitale e dinamica, la cui espressione non \u00e8 limitata alla forma religiosa e culturale. Ci\u00f2 che c&#8217;\u00e8 di Vero e Permanente nel Tasawwuf pu\u00f2 acquistare un nuovo\u00a0 modo di esprimersi in ogni secolo, pur restando invariato nella sua essenza.<\/p>\n<p style=\"text-align: justify;\">Nonostante tutti gli adatamenti occorsi nei secoli, il Tasawwuf, non ha mai compromesso o alterato il suo carattere di sfida ad una societ\u00e0 eminentemente materialistica. E&#8217;, e rimarr\u00e0 critico verso la \u201cmondanit\u00e0\u201d, e verso tutto ci\u00f2 che possa portare ad ignorare o a dimenticare la realt\u00e0 Divina. Il Tasawwuf \u00e8, e rimarr\u00e0, una via d&#8217;uscita dal labirinto della cultura laica e commerciale. Ovvero, il Tasawwuf \u00e8 un invito alla piena conoscenza and ben-vivere.<\/p>\n<p style=\"text-align: justify;\">Il Tasawwuf, cos\u00ec come noi lo conosciamo, si sviluppa in seno alla tradizione islamica. La rivelazione islamica presenta s\u00e9 stessa come una espressione dell&#8217;essenziale messaggio portato all&#8217;Umanit\u00e0 dai Profeti di tutte le ere. Il santo Qur&#8217;an conferma la validit\u00e0 delle precedenti rivelazioni, ma al contempo dichiara come il messaggio originale e profondo sia ogni volta distorto lungo lo scorrere del tempo.<\/p>\n<p style=\"text-align: justify;\"><img loading=\"lazy\" decoding=\"async\" class=\"alignleft\" title=\"Universe\" src=\"http:\/\/www.rifai.org\/sufism\/wp-content\/uploads\/2011\/11\/universe06-300x211.png\" alt=\"\" width=\"300\" height=\"211\" \/>I veri maestri del Tasawwuf hanno tutti raggiunto la loro realizzazione attraverso una ininterrotta catena di trasmissione che risale indietro fino a Hz. Muhammad (sa). Cos\u00ec che mentre potrebbero essere anche in disaccordo su certe interpretazioni dell&#8217;Islam, non potranno mai discutere sull&#8217;essenziale vitalit\u00e0 della rivelazione del Qur&#8217;an; n\u00e9 tanto meno saranno dei fondamentalisti, nel senso di sposare una rigida interpretazione della rivelazione che discrediti le altre Tradizioni.<\/p>\n<p style=\"text-align: justify;\">Molto spesso, i Maestri del Tasawwuf, hanno rappresentato e rappresentano il punto pi\u00f9 alto all&#8217;interno della cultura Islamica in virt\u00f9 della loro conoscenza interiore da cui scaturisce tolleranza e moderazione.<\/p>\n<p style=\"text-align: justify;\">\n<p style=\"text-align: justify;\">\n","protected":false},"excerpt":{"rendered":"<p>Il sufismo, Tasawwuf, \u00e8 uno stile di vita, un modo di vivere. Attraverso questo modo di vivere, \u00e8 possibile scoprire [&hellip;]<\/p>\n","protected":false},"author":1,"featured_media":0,"parent":711,"menu_order":1,"comment_status":"open","ping_status":"open","template":"page-nosublinks.php","meta":{"_monsterinsights_skip_tracking":false,"_monsterinsights_sitenote_active":false,"_monsterinsights_sitenote_note":"","_monsterinsights_sitenote_category":0,"footnotes":""},"class_list":["post-713","page","type-page","status-publish","hentry"],"_links":{"self":[{"href":"https:\/\/www.rifai.org\/sufism\/wp-json\/wp\/v2\/pages\/713","targetHints":{"allow":["GET"]}}],"collection":[{"href":"https:\/\/www.rifai.org\/sufism\/wp-json\/wp\/v2\/pages"}],"about":[{"href":"https:\/\/www.rifai.org\/sufism\/wp-json\/wp\/v2\/types\/page"}],"author":[{"embeddable":true,"href":"https:\/\/www.rifai.org\/sufism\/wp-json\/wp\/v2\/users\/1"}],"replies":[{"embeddable":true,"href":"https:\/\/www.rifai.org\/sufism\/wp-json\/wp\/v2\/comments?post=713"}],"version-history":[{"count":5,"href":"https:\/\/www.rifai.org\/sufism\/wp-json\/wp\/v2\/pages\/713\/revisions"}],"predecessor-version":[{"id":949,"href":"https:\/\/www.rifai.org\/sufism\/wp-json\/wp\/v2\/pages\/713\/revisions\/949"}],"up":[{"embeddable":true,"href":"https:\/\/www.rifai.org\/sufism\/wp-json\/wp\/v2\/pages\/711"}],"wp:attachment":[{"href":"https:\/\/www.rifai.org\/sufism\/wp-json\/wp\/v2\/media?parent=713"}],"curies":[{"name":"wp","href":"https:\/\/api.w.org\/{rel}","templated":true}]}}