{"id":750,"date":"2012-10-24T22:32:41","date_gmt":"2012-10-24T20:32:41","guid":{"rendered":"http:\/\/www.rifai.org\/sufism\/?page_id=750"},"modified":"2012-10-24T22:32:57","modified_gmt":"2012-10-24T20:32:57","slug":"lintero-viaggio","status":"publish","type":"page","link":"https:\/\/www.rifai.org\/sufism\/italiano\/il-viaggio-dei-sufi\/lintero-viaggio\/","title":{"rendered":"L&#8217;intero viaggio"},"content":{"rendered":"<p>Il tasawwuf \u00e8 un viaggio il cui completamento consta di due aspetti primari. In primo luogo \u00e8 un viaggio che deriva dalla Realizzazione e conduce alla Realizzazione (Insan-i Kamil). In secondo luogo \u00e8 un metodo completo che usa ogni mezzo possibile per orchestrare la trasformazione di un essere umano. Non \u00e8, quindi, escluso che si possano utilizzare pi\u00f9 canali e pi\u00f9 esperienze per raggiungere il proprio proposito. Entrambi questi fattori \u2013 la completezza del metodo e la completezza del risultato \u2013 sono della massima importanza.<\/p>\n<p>I mezzi attraverso cui un essere umano pu\u00f2 compiere il viaggio verso la realizzazione di s\u00e9 dipendono dalla nostra comprensione di cosa sia un essere umano e per quale scopo sia stato creato. La pienezza della via dei Sufi deriva dalla piena comprensione e realizzazione della natura umana.<\/p>\n","protected":false},"excerpt":{"rendered":"<p>Il tasawwuf \u00e8 un viaggio il cui completamento consta di due aspetti primari. In primo luogo \u00e8 un viaggio che [&hellip;]<\/p>\n","protected":false},"author":1,"featured_media":0,"parent":717,"menu_order":5,"comment_status":"open","ping_status":"open","template":"","meta":{"_monsterinsights_skip_tracking":false,"_monsterinsights_sitenote_active":false,"_monsterinsights_sitenote_note":"","_monsterinsights_sitenote_category":0,"footnotes":""},"class_list":["post-750","page","type-page","status-publish","hentry"],"_links":{"self":[{"href":"https:\/\/www.rifai.org\/sufism\/wp-json\/wp\/v2\/pages\/750","targetHints":{"allow":["GET"]}}],"collection":[{"href":"https:\/\/www.rifai.org\/sufism\/wp-json\/wp\/v2\/pages"}],"about":[{"href":"https:\/\/www.rifai.org\/sufism\/wp-json\/wp\/v2\/types\/page"}],"author":[{"embeddable":true,"href":"https:\/\/www.rifai.org\/sufism\/wp-json\/wp\/v2\/users\/1"}],"replies":[{"embeddable":true,"href":"https:\/\/www.rifai.org\/sufism\/wp-json\/wp\/v2\/comments?post=750"}],"version-history":[{"count":3,"href":"https:\/\/www.rifai.org\/sufism\/wp-json\/wp\/v2\/pages\/750\/revisions"}],"predecessor-version":[{"id":753,"href":"https:\/\/www.rifai.org\/sufism\/wp-json\/wp\/v2\/pages\/750\/revisions\/753"}],"up":[{"embeddable":true,"href":"https:\/\/www.rifai.org\/sufism\/wp-json\/wp\/v2\/pages\/717"}],"wp:attachment":[{"href":"https:\/\/www.rifai.org\/sufism\/wp-json\/wp\/v2\/media?parent=750"}],"curies":[{"name":"wp","href":"https:\/\/api.w.org\/{rel}","templated":true}]}}