{"id":782,"date":"2012-10-25T21:46:07","date_gmt":"2012-10-25T19:46:07","guid":{"rendered":"http:\/\/www.rifai.org\/sufism\/?page_id=782"},"modified":"2012-10-25T21:46:07","modified_gmt":"2012-10-25T19:46:07","slug":"acemasiran-rifai-stile-ilahis","status":"publish","type":"page","link":"https:\/\/www.rifai.org\/sufism\/italiano\/archivio\/audio\/acemasiran-rifai-stile-ilahis\/","title":{"rendered":"Acema\u015f\u00eer\u00e2n &#8211; Rifai Stile \u0130lahis"},"content":{"rendered":"<div class=\"flagallery jq-mplayer_skin\" > <div id=\"flag_musicplayer_r789923867\"> <script type=\"text\/javascript\"> jQuery(function(){ var settings = {\"maxwidth\":\"0\",\"autoplay\":\"0\",\"loop\":\"1\",\"buttonText\":\"Download\",\"downloadTrack\":\"0\",\"tracksToShow\":\"5\",\"moreText\":\"View More...\",\"key\":\"\",\"name\":\"\"}; var content = [{\"id\":351,\"mp3\":\"https:\\\/\\\/www.rifai.org\\\/sufism\\\/wp-content\\\/uploads\\\/2012\\\/03\\\/Acemasiran-01-Acemasiran-Taksim.mp3\",\"cover\":\"\",\"title\":\"Acema\\u015f\\u00eer\\u00e2n Taksim\\r\\n\",\"text\":\"\",\"button\":\"\"},{\"id\":341,\"mp3\":\"https:\\\/\\\/www.rifai.org\\\/sufism\\\/wp-content\\\/uploads\\\/2012\\\/03\\\/Acemasiran-02-Zat-i-Hakkin.mp3\",\"cover\":\"\",\"title\":\"Z\\u00e2t-\\u0131 Hakk\\u0131n\\r\\n\",\"text\":\"\",\"button\":\"\"},{\"id\":342,\"mp3\":\"https:\\\/\\\/www.rifai.org\\\/sufism\\\/wp-content\\\/uploads\\\/2012\\\/03\\\/Acemasiran-03-Suphesiz-A-li-Resulsun.mp3\",\"cover\":\"\",\"title\":\"\\u015e\\u00fcphesiz A-l\\u00ee Resulsun\\r\\n\",\"text\":\"\",\"button\":\"\"},{\"id\":343,\"mp3\":\"https:\\\/\\\/www.rifai.org\\\/sufism\\\/wp-content\\\/uploads\\\/2012\\\/03\\\/Acemasiran-04-Taksim.mp3\",\"cover\":\"\",\"title\":\"Taksim\\r\\n\",\"text\":\"\",\"button\":\"\"},{\"id\":344,\"mp3\":\"https:\\\/\\\/www.rifai.org\\\/sufism\\\/wp-content\\\/uploads\\\/2012\\\/03\\\/Acemasiran-05-Ey-Benim-Sevgili-Mevlam.mp3\",\"cover\":\"\",\"title\":\"Ey Benim Sevgili Mevlam\\r\\n\",\"text\":\"\",\"button\":\"\"},{\"id\":345,\"mp3\":\"https:\\\/\\\/www.rifai.org\\\/sufism\\\/wp-content\\\/uploads\\\/2012\\\/03\\\/Acemasiran-06-Ney-Taksim.mp3\",\"cover\":\"\",\"title\":\"Ney Taksim\\r\\n\",\"text\":\"\",\"button\":\"\"},{\"id\":346,\"mp3\":\"https:\\\/\\\/www.rifai.org\\\/sufism\\\/wp-content\\\/uploads\\\/2012\\\/03\\\/Acemasiran-07-Hazret-i-Hakkin-Habibi.mp3\",\"cover\":\"\",\"title\":\"Hazret-i Hakk\\u0131n Hab\\u00eebi\\r\\n\",\"text\":\"\",\"button\":\"\"},{\"id\":347,\"mp3\":\"https:\\\/\\\/www.rifai.org\\\/sufism\\\/wp-content\\\/uploads\\\/2012\\\/03\\\/Acemasiran-08-Neyleyeyim-Dunyayi.mp3\",\"cover\":\"\",\"title\":\"Neyleyeyim D\\u00fcny\\u00e2y\\u0131\\r\\n\",\"text\":\"\",\"button\":\"\"},{\"id\":348,\"mp3\":\"https:\\\/\\\/www.rifai.org\\\/sufism\\\/wp-content\\\/uploads\\\/2012\\\/03\\\/Acemasiran-09-Yar-Ile-Ettigin.mp3\",\"cover\":\"\",\"title\":\"Y\\u00e2r \\u0130le Etti\\u011fin\\r\\n\",\"text\":\"\",\"button\":\"\"},{\"id\":349,\"mp3\":\"https:\\\/\\\/www.rifai.org\\\/sufism\\\/wp-content\\\/uploads\\\/2012\\\/03\\\/Acemasiran-10-Taksim-Kaside.mp3\",\"cover\":\"\",\"title\":\"Taksim - Kaside\\r\\n\",\"text\":\"\",\"button\":\"\"},{\"id\":350,\"mp3\":\"https:\\\/\\\/www.rifai.org\\\/sufism\\\/wp-content\\\/uploads\\\/2012\\\/03\\\/Acemasiran-11-Hak-Yoluna-Gidenlerin-Kerim-Allah.mp3\",\"cover\":\"\",\"title\":\"Hak Yoluna Gidenlerin - Ker\\u00eem Allah\\r\\nKerim-Allah\",\"text\":\"\",\"button\":\"\"}]; jQuery('#flag_musicplayer_r789923867').data('uid', 'r789923867').flagMusicPlayer(content, settings); }); <\/script> <\/div> <\/div>\n","protected":false},"excerpt":{"rendered":"","protected":false},"author":1,"featured_media":0,"parent":774,"menu_order":2,"comment_status":"open","ping_status":"open","template":"","meta":{"_monsterinsights_skip_tracking":false,"_monsterinsights_sitenote_active":false,"_monsterinsights_sitenote_note":"","_monsterinsights_sitenote_category":0,"footnotes":""},"class_list":["post-782","page","type-page","status-publish","hentry"],"_links":{"self":[{"href":"https:\/\/www.rifai.org\/sufism\/wp-json\/wp\/v2\/pages\/782","targetHints":{"allow":["GET"]}}],"collection":[{"href":"https:\/\/www.rifai.org\/sufism\/wp-json\/wp\/v2\/pages"}],"about":[{"href":"https:\/\/www.rifai.org\/sufism\/wp-json\/wp\/v2\/types\/page"}],"author":[{"embeddable":true,"href":"https:\/\/www.rifai.org\/sufism\/wp-json\/wp\/v2\/users\/1"}],"replies":[{"embeddable":true,"href":"https:\/\/www.rifai.org\/sufism\/wp-json\/wp\/v2\/comments?post=782"}],"version-history":[{"count":1,"href":"https:\/\/www.rifai.org\/sufism\/wp-json\/wp\/v2\/pages\/782\/revisions"}],"predecessor-version":[{"id":783,"href":"https:\/\/www.rifai.org\/sufism\/wp-json\/wp\/v2\/pages\/782\/revisions\/783"}],"up":[{"embeddable":true,"href":"https:\/\/www.rifai.org\/sufism\/wp-json\/wp\/v2\/pages\/774"}],"wp:attachment":[{"href":"https:\/\/www.rifai.org\/sufism\/wp-json\/wp\/v2\/media?parent=782"}],"curies":[{"name":"wp","href":"https:\/\/api.w.org\/{rel}","templated":true}]}}