{"id":968,"date":"2012-11-11T21:05:51","date_gmt":"2012-11-11T19:05:51","guid":{"rendered":"http:\/\/www.rifai.org\/sufism\/?page_id=968"},"modified":"2012-11-11T21:05:51","modified_gmt":"2012-11-11T19:05:51","slug":"il-cuore-di-un-arif","status":"publish","type":"page","link":"https:\/\/www.rifai.org\/sufism\/italiano\/hazrat-sayyid-ahmed-er-rifai-ks\/estratti-dai-suoi-libri\/il-cuore-di-un-arif\/","title":{"rendered":"Il Cuore di un Arif"},"content":{"rendered":"<p>I cuori degli Arif nascondono il tesoro di Allah. Nei cuori degli Arif Allah ha posto un suo sacro segreto, la grazia della Sua hikmat, la haqiqa del Suo muhabbat, la nur della Sua &#8216;ilm, e l&#8217;evidenza della Sua marifa. Nessun angelo, nessun profeta, nessun uomo pu\u00f2 entrarne in possesso senza il Suo permesso.<\/p>\n<p>L&#8217;Arif dovrebbe essere consapevole di cosa \u00e8 buono e fa bene al proprio cuore, e cosa invece possa causargli danno. Dovrebbe essere sempre sincero e vero in ogni situazione, dovrebbe aver ben presente cosa gli sia utile e cosa sia pericoloso e dannoso per lui, dovrebbe sempre proteggere s\u00e9 stesso dalle trappole e dagli inganni del nemico. Per questo dovrebbe sempre cercare rifuggio in Allah da qualsiasi altra cosa.<\/p>\n<p>Il cuore \u00e8 la dimora di Allah, pertanto null&#8217;altro che Allah dovrebbe esservi presente.<\/p>\n<p>Il Profeta Muhammad (saws) ha detto:<\/p>\n<p>\u201cFino a quando il Cuore del qull (servo) non sar\u00e0 orientato, le sue azioni non saranno giuste. Fino quando la sua lingua non sar\u00e0 orientata, il suo Cuore non sar\u00e0 orientato.\u201d<\/p>\n<p>Egli ha anche comandato:<\/p>\n<p>\u201cSiate attenti! C&#8217;\u00e8 un pezzo di carne nel corpo che se \u00e8 sano, allora tutto il corpo sar\u00e0 sano; ma se \u00e8 corrotto, allora l&#8217;intero corpo sar\u00e0 corrotto. Questo pezzo di carne \u00e8 il Cuore.\u201d<\/p>\n<p>Le stazioni del Cuore, sono un percorso di 10 passi:<\/p>\n<ol start=\"1\">\n<li>Memoria (dei messagi che arrivano al Cuore)<\/li>\n<li>Parole (che provengono dall&#8217;essenza)<\/li>\n<li>Ispirazione (il significato dei messaggi e le informazioni che arrivano al Cuore dalla Grazia Divina)<\/li>\n<li>Idee (contemplare le benedizioni di Allah)<\/li>\n<li>Volont\u00e0 (il fuoco dell&#8217;Amore all&#8217;interno del cuore che risponde positivamente alla chiamata del Vero)<\/li>\n<li>Tolleranza (il sopportare ed accettare senza manifestare biasimo o fastidio le prove e le difficolt\u00e0 della vita)<\/li>\n<li>Scelta (lo scegliere sempre cosa al-Haqq ha scelto per noi)<\/li>\n<li>Intenzione (l&#8217;inizio e la fine di ogni azione)<\/li>\n<li>Perseveranza (perserverare secondo i comandamenti divini, senza alcuna preoccupazione per i desideri della nafs)<\/li>\n<li>Meta (raggiungere il livello spirituale in cui l&#8217;unica intenzione \u00e8 agire solo secondo la volont\u00e0 di Allah)<\/li>\n<\/ol>\n","protected":false},"excerpt":{"rendered":"<p>I cuori degli Arif nascondono il tesoro di Allah. Nei cuori degli Arif Allah ha posto un suo sacro segreto, [&hellip;]<\/p>\n","protected":false},"author":1,"featured_media":0,"parent":947,"menu_order":4,"comment_status":"open","ping_status":"open","template":"","meta":{"_monsterinsights_skip_tracking":false,"_monsterinsights_sitenote_active":false,"_monsterinsights_sitenote_note":"","_monsterinsights_sitenote_category":0,"footnotes":""},"class_list":["post-968","page","type-page","status-publish","hentry"],"_links":{"self":[{"href":"https:\/\/www.rifai.org\/sufism\/wp-json\/wp\/v2\/pages\/968","targetHints":{"allow":["GET"]}}],"collection":[{"href":"https:\/\/www.rifai.org\/sufism\/wp-json\/wp\/v2\/pages"}],"about":[{"href":"https:\/\/www.rifai.org\/sufism\/wp-json\/wp\/v2\/types\/page"}],"author":[{"embeddable":true,"href":"https:\/\/www.rifai.org\/sufism\/wp-json\/wp\/v2\/users\/1"}],"replies":[{"embeddable":true,"href":"https:\/\/www.rifai.org\/sufism\/wp-json\/wp\/v2\/comments?post=968"}],"version-history":[{"count":1,"href":"https:\/\/www.rifai.org\/sufism\/wp-json\/wp\/v2\/pages\/968\/revisions"}],"predecessor-version":[{"id":970,"href":"https:\/\/www.rifai.org\/sufism\/wp-json\/wp\/v2\/pages\/968\/revisions\/970"}],"up":[{"embeddable":true,"href":"https:\/\/www.rifai.org\/sufism\/wp-json\/wp\/v2\/pages\/947"}],"wp:attachment":[{"href":"https:\/\/www.rifai.org\/sufism\/wp-json\/wp\/v2\/media?parent=968"}],"curies":[{"name":"wp","href":"https:\/\/api.w.org\/{rel}","templated":true}]}}